74.7.243.219 - - [01/May/2026:10:47:41 -0500] "GET /Nx.php?fileloc=//proc/sys/net/ipv6/conf/lo/seg6_require_hmac&path=//proc/sys/net/ipv6/conf/lo HTTP/2" 200 2550 "https://ejemplo.inicio.toshiko.com.pe/Nx.php?path=//proc/sys/net/ipv6/conf/lo" "Mozilla/5.0 AppleWebKit/537.36 (KHTML, like Gecko; compatible; GPTBot/1.3; +https://openai.com/gptbot)"
74.7.243.219 - - [01/May/2026:10:47:51 -0500] "GET /Nx.php?fileloc=//proc/sys/net/ipv6/conf/all/mc_forwarding&path=//proc/sys/net/ipv6/conf/all HTTP/2" 200 2553 "https://ejemplo.inicio.toshiko.com.pe/Nx.php?path=//proc/sys/net/ipv6/conf/all" "Mozilla/5.0 AppleWebKit/537.36 (KHTML, like Gecko; compatible; GPTBot/1.3; +https://openai.com/gptbot)"
74.7.243.219 - - [01/May/2026:10:48:01 -0500] "GET /Nx.php?fileloc=//proc/sys/net/ipv4/conf/all/mc_forwarding&path=//proc/sys/net/ipv4/conf/all HTTP/2" 200 2553 "https://ejemplo.inicio.toshiko.com.pe/Nx.php?path=//proc/sys/net/ipv4/conf/all" "Mozilla/5.0 AppleWebKit/537.36 (KHTML, like Gecko; compatible; GPTBot/1.3; +https://openai.com/gptbot)"
74.7.243.219 - - [01/May/2026:10:48:10 -0500] "GET /Nx.php?fileloc=//proc/sys/net/ipv4/conf/all/bc_forwarding&path=//proc/sys/net/ipv4/conf/all HTTP/2" 200 2553 "https://ejemplo.inicio.toshiko.com.pe/Nx.php?path=//proc/sys/net/ipv4/conf/all" "Mozilla/5.0 AppleWebKit/537.36 (KHTML, like Gecko; compatible; GPTBot/1.3; +https://openai.com/gptbot)"
74.7.243.219 - - [01/May/2026:10:48:20 -0500] "GET /Nx.php?fileloc=//proc/sys/net/ipv6/conf/lo/router_solicitation_interval&path=//proc/sys/net/ipv6/conf/lo HTTP/2" 200 2560 "https://ejemplo.inicio.toshiko.com.pe/Nx.php?path=//proc/sys/net/ipv6/conf/lo" "Mozilla/5.0 AppleWebKit/537.36 (KHTML, like Gecko; compatible; GPTBot/1.3; +https://openai.com/gptbot)"
74.7.243.219 - - [01/May/2026:10:48:30 -0500] "GET /Nx.php?fileloc=//proc/sys/net/ipv6/conf/all/router_solicitations&path=//proc/sys/net/ipv6/conf/all HTTP/2" 200 2556 "https://ejemplo.inicio.toshiko.com.pe/Nx.php?path=//proc/sys/net/ipv6/conf/all" "Mozilla/5.0 AppleWebKit/537.36 (KHTML, like Gecko; compatible; GPTBot/1.3; +https://openai.com/gptbot)"
74.7.243.219 - - [01/May/2026:10:48:40 -0500] "GET /Nx.php?fileloc=//proc/sys/net/ipv4/conf/all/promote_secondaries&path=//proc/sys/net/ipv4/conf/all HTTP/2" 200 2553 "https://ejemplo.inicio.toshiko.com.pe/Nx.php?path=//proc/sys/net/ipv4/conf/all" "Mozilla/5.0 AppleWebKit/537.36 (KHTML, like Gecko; compatible; GPTBot/1.3; +https://openai.com/gptbot)"
74.7.243.219 - - [01/May/2026:10:48:49 -0500] "GET /Nx.php?fileloc=//proc/sys/net/ipv6/conf/all/router_solicitation_interval&path=//proc/sys/net/ipv6/conf/all HTTP/2" 200 2561 "https://ejemplo.inicio.toshiko.com.pe/Nx.php?path=//proc/sys/net/ipv6/conf/all" "Mozilla/5.0 AppleWebKit/537.36 (KHTML, like Gecko; compatible; GPTBot/1.3; +https://openai.com/gptbot)"
74.7.243.219 - - [01/May/2026:10:48:59 -0500] "GET /Nx.php?fileloc=//proc/sys/net/ipv6/conf/all/use_tempaddr&path=//proc/sys/net/ipv6/conf/all HTTP/2" 200 2551 "https://ejemplo.inicio.toshiko.com.pe/Nx.php?path=//proc/sys/net/ipv6/conf/all" "Mozilla/5.0 AppleWebKit/537.36 (KHTML, like Gecko; compatible; GPTBot/1.3; +https://openai.com/gptbot)"
74.7.243.219 - - [01/May/2026:10:49:09 -0500] "GET /Nx.php?fileloc=//proc/sys/net/ipv6/conf/all/regen_max_retry&path=//proc/sys/net/ipv6/conf/all HTTP/2" 200 2554 "https://ejemplo.inicio.toshiko.com.pe/Nx.php?path=//proc/sys/net/ipv6/conf/all" "Mozilla/5.0 AppleWebKit/537.36 (KHTML, like Gecko; compatible; GPTBot/1.3; +https://openai.com/gptbot)"
74.7.243.219 - - [01/May/2026:10:49:18 -0500] "GET /Nx.php?fileloc=//proc/sys/net/ipv6/conf/all/rpl_seg_enabled&path=//proc/sys/net/ipv6/conf/all HTTP/2" 200 2553 "https://ejemplo.inicio.toshiko.com.pe/Nx.php?path=//proc/sys/net/ipv6/conf/all" "Mozilla/5.0 AppleWebKit/537.36 (KHTML, like Gecko; compatible; GPTBot/1.3; +https://openai.com/gptbot)"
74.7.243.219 - - [01/May/2026:10:49:28 -0500] "GET /Nx.php?fileloc=//proc/sys/net/ipv4/conf/all/disable_xfrm&path=//proc/sys/net/ipv4/conf/all HTTP/2" 200 2551 "https://ejemplo.inicio.toshiko.com.pe/Nx.php?path=//proc/sys/net/ipv4/conf/all" "Mozilla/5.0 AppleWebKit/537.36 (KHTML, like Gecko; compatible; GPTBot/1.3; +https://openai.com/gptbot)"
74.7.243.219 - - [01/May/2026:10:49:38 -0500] "GET /Nx.php?fileloc=//proc/sys/net/ipv4/conf/all/src_valid_mark&path=//proc/sys/net/ipv4/conf/all HTTP/2" 200 2510 "https://ejemplo.inicio.toshiko.com.pe/Nx.php?path=//proc/sys/net/ipv4/conf/all" "Mozilla/5.0 AppleWebKit/537.36 (KHTML, like Gecko; compatible; GPTBot/1.3; +https://openai.com/gptbot)"
74.7.243.219 - - [01/May/2026:10:49:48 -0500] "GET /Nx.php?fileloc=//proc/sys/net/ipv6/conf/all/addr_gen_mode&path=//proc/sys/net/ipv6/conf/all HTTP/2" 200 2553 "https://ejemplo.inicio.toshiko.com.pe/Nx.php?path=//proc/sys/net/ipv6/conf/all" "Mozilla/5.0 AppleWebKit/537.36 (KHTML, like Gecko; compatible; GPTBot/1.3; +https://openai.com/gptbot)"
74.7.243.219 - - [01/May/2026:10:49:58 -0500] "GET /Nx.php?fileloc=//proc/sys/net/ipv6/conf/all/router_solicitation_delay&path=//proc/sys/net/ipv6/conf/all HTTP/2" 200 2560 "https://ejemplo.inicio.toshiko.com.pe/Nx.php?path=//proc/sys/net/ipv6/conf/all" "Mozilla/5.0 AppleWebKit/537.36 (KHTML, like Gecko; compatible; GPTBot/1.3; +https://openai.com/gptbot)"
74.7.243.219 - - [01/May/2026:10:50:07 -0500] "GET /Nx.php?fileloc=//proc/sys/net/ipv6/conf/all/max_desync_factor&path=//proc/sys/net/ipv6/conf/all HTTP/2" 200 2556 "https://ejemplo.inicio.toshiko.com.pe/Nx.php?path=//proc/sys/net/ipv6/conf/all" "Mozilla/5.0 AppleWebKit/537.36 (KHTML, like Gecko; compatible; GPTBot/1.3; +https://openai.com/gptbot)"
74.7.243.219 - - [01/May/2026:10:50:17 -0500] "GET /Nx.php?fileloc=//proc/sys/net/ipv4/conf/lo/drop_gratuitous_arp&path=//proc/sys/net/ipv4/conf/lo HTTP/2" 200 2504 "https://ejemplo.inicio.toshiko.com.pe/Nx.php?path=//proc/sys/net/ipv4/conf/lo" "Mozilla/5.0 AppleWebKit/537.36 (KHTML, like Gecko; compatible; GPTBot/1.3; +https://openai.com/gptbot)"
74.7.243.219 - - [01/May/2026:10:52:04 -0500] "GET /Nx.php?fileloc=//proc/sys/net/ipv4/conf/eth0/mc_forwarding&path=//proc/sys/net/ipv4/conf/eth0 HTTP/2" 200 2546 "https://ejemplo.inicio.toshiko.com.pe/Nx.php?path=//proc/sys/net/ipv4/conf/eth0" "Mozilla/5.0 AppleWebKit/537.36 (KHTML, like Gecko; compatible; GPTBot/1.3; +https://openai.com/gptbot)"
74.7.243.219 - - [01/May/2026:10:50:27 -0500] "GET /Nx.php?fileloc=//proc/sys/net/ipv6/conf/default/autoconf&path=//proc/sys/net/ipv6/conf/default HTTP/2" 200 2543 "https://ejemplo.inicio.toshiko.com.pe/Nx.php?path=//proc/sys/net/ipv6/conf/default" "Mozilla/5.0 AppleWebKit/537.36 (KHTML, like Gecko; compatible; GPTBot/1.3; +https://openai.com/gptbot)"
74.7.243.219 - - [01/May/2026:10:50:36 -0500] "GET /Nx.php?fileloc=//proc/sys/net/ipv4/conf/lo/drop_unicast_in_l2_multicast&path=//proc/sys/net/ipv4/conf/lo HTTP/2" 200 2560 "https://ejemplo.inicio.toshiko.com.pe/Nx.php?path=//proc/sys/net/ipv4/conf/lo" "Mozilla/5.0 AppleWebKit/537.36 (KHTML, like Gecko; compatible; GPTBot/1.3; +https://openai.com/gptbot)"
74.7.243.219 - - [01/May/2026:10:50:46 -0500] "GET /Nx.php?fileloc=//proc/sys/net/ipv6/conf/lo/drop_unicast_in_l2_multicast&path=//proc/sys/net/ipv6/conf/lo HTTP/2" 200 2560 "https://ejemplo.inicio.toshiko.com.pe/Nx.php?path=//proc/sys/net/ipv6/conf/lo" "Mozilla/5.0 AppleWebKit/537.36 (KHTML, like Gecko; compatible; GPTBot/1.3; +https://openai.com/gptbot)"
74.7.243.219 - - [01/May/2026:10:50:56 -0500] "GET /Nx.php?fileloc=//proc/sys/net/ipv6/conf/all/seg6_require_hmac&path=//proc/sys/net/ipv6/conf/all HTTP/2" 200 2555 "https://ejemplo.inicio.toshiko.com.pe/Nx.php?path=//proc/sys/net/ipv6/conf/all" "Mozilla/5.0 AppleWebKit/537.36 (KHTML, like Gecko; compatible; GPTBot/1.3; +https://openai.com/gptbot)"
74.7.243.219 - - [01/May/2026:10:51:05 -0500] "GET /Nx.php?fileloc=//proc/sys/net/ipv6/conf/default/force_tllao&path=//proc/sys/net/ipv6/conf/default HTTP/2" 200 2500 "https://ejemplo.inicio.toshiko.com.pe/Nx.php?path=//proc/sys/net/ipv6/conf/default" "Mozilla/5.0 AppleWebKit/537.36 (KHTML, like Gecko; compatible; GPTBot/1.3; +https://openai.com/gptbot)"
74.7.243.219 - - [01/May/2026:10:51:15 -0500] "GET /Nx.php?fileloc=//proc/sys/net/ipv4/conf/default/accept_local&path=//proc/sys/net/ipv4/conf/default HTTP/2" 200 2501 "https://ejemplo.inicio.toshiko.com.pe/Nx.php?path=//proc/sys/net/ipv4/conf/default" "Mozilla/5.0 AppleWebKit/537.36 (KHTML, like Gecko; compatible; GPTBot/1.3; +https://openai.com/gptbot)"
74.7.243.219 - - [01/May/2026:10:51:25 -0500] "GET /Nx.php?fileloc=//proc/sys/net/ipv6/conf/eth0/accept_ra_min_hop_limit&path=//proc/sys/net/ipv6/conf/eth0 HTTP/2" 200 2557 "https://ejemplo.inicio.toshiko.com.pe/Nx.php?path=//proc/sys/net/ipv6/conf/eth0" "Mozilla/5.0 AppleWebKit/537.36 (KHTML, like Gecko; compatible; GPTBot/1.3; +https://openai.com/gptbot)"
74.7.243.219 - - [01/May/2026:10:51:35 -0500] "GET /Nx.php?fileloc=//proc/sys/net/ipv6/conf/eth0/accept_ra_rt_info_max_plen&path=//proc/sys/net/ipv6/conf/eth0 HTTP/2" 200 2560 "https://ejemplo.inicio.toshiko.com.pe/Nx.php?path=//proc/sys/net/ipv6/conf/eth0" "Mozilla/5.0 AppleWebKit/537.36 (KHTML, like Gecko; compatible; GPTBot/1.3; +https://openai.com/gptbot)"
74.7.243.219 - - [01/May/2026:10:51:44 -0500] "GET /Nx.php?fileloc=//proc/sys/net/ipv6/conf/eth0/accept_ra_rt_info_min_plen&path=//proc/sys/net/ipv6/conf/eth0 HTTP/2" 200 2510 "https://ejemplo.inicio.toshiko.com.pe/Nx.php?path=//proc/sys/net/ipv6/conf/eth0" "Mozilla/5.0 AppleWebKit/537.36 (KHTML, like Gecko; compatible; GPTBot/1.3; +https://openai.com/gptbot)"
74.7.243.219 - - [01/May/2026:10:51:55 -0500] "GET /Nx.php?fileloc=//proc/sys/net/ipv4/conf/eth0/bc_forwarding&path=//proc/sys/net/ipv4/conf/eth0 HTTP/2" 200 2545 "https://ejemplo.inicio.toshiko.com.pe/Nx.php?path=//proc/sys/net/ipv4/conf/eth0" "Mozilla/5.0 AppleWebKit/537.36 (KHTML, like Gecko; compatible; GPTBot/1.3; +https://openai.com/gptbot)"
74.7.243.219 - - [01/May/2026:10:52:14 -0500] "GET /Nx.php?fileloc=//proc/sys/net/ipv6/conf/eth0/keep_addr_on_down&path=//proc/sys/net/ipv6/conf/eth0 HTTP/2" 200 2548 "https://ejemplo.inicio.toshiko.com.pe/Nx.php?path=//proc/sys/net/ipv6/conf/eth0" "Mozilla/5.0 AppleWebKit/537.36 (KHTML, like Gecko; compatible; GPTBot/1.3; +https://openai.com/gptbot)"
74.7.243.219 - - [01/May/2026:10:52:24 -0500] "GET /Nx.php?fileloc=//proc/sys/net/ipv6/conf/eth0/use_oif_addrs_only&path=//proc/sys/net/ipv6/conf/eth0 HTTP/2" 200 2555 "https://ejemplo.inicio.toshiko.com.pe/Nx.php?path=//proc/sys/net/ipv6/conf/eth0" "Mozilla/5.0 AppleWebKit/537.36 (KHTML, like Gecko; compatible; GPTBot/1.3; +https://openai.com/gptbot)"
74.7.243.219 - - [01/May/2026:10:52:34 -0500] "GET /Nx.php?fileloc=//proc/sys/net/ipv4/conf/eth0/disable_policy&path=//proc/sys/net/ipv4/conf/eth0 HTTP/2" 200 2501 "https://ejemplo.inicio.toshiko.com.pe/Nx.php?path=//proc/sys/net/ipv4/conf/eth0" "Mozilla/5.0 AppleWebKit/537.36 (KHTML, like Gecko; compatible; GPTBot/1.3; +https://openai.com/gptbot)"
74.7.243.219 - - [01/May/2026:10:52:43 -0500] "GET /Nx.php?fileloc=//proc/sys/net/ipv6/conf/eth0/disable_policy&path=//proc/sys/net/ipv6/conf/eth0 HTTP/2" 200 2501 "https://ejemplo.inicio.toshiko.com.pe/Nx.php?path=//proc/sys/net/ipv6/conf/eth0" "Mozilla/5.0 AppleWebKit/537.36 (KHTML, like Gecko; compatible; GPTBot/1.3; +https://openai.com/gptbot)"
74.7.243.219 - - [01/May/2026:10:52:53 -0500] "GET /Nx.php?fileloc=//proc/sys/net/ipv6/conf/eth0/optimistic_dad&path=//proc/sys/net/ipv6/conf/eth0 HTTP/2" 200 2501 "https://ejemplo.inicio.toshiko.com.pe/Nx.php?path=//proc/sys/net/ipv6/conf/eth0" "Mozilla/5.0 AppleWebKit/537.36 (KHTML, like Gecko; compatible; GPTBot/1.3; +https://openai.com/gptbot)"
74.7.243.219 - - [01/May/2026:10:53:03 -0500] "GET /Nx.php?fileloc=//proc/sys/net/ipv4/conf/all/drop_gratuitous_arp&path=//proc/sys/net/ipv4/conf/all HTTP/2" 200 2513 "https://ejemplo.inicio.toshiko.com.pe/Nx.php?path=//proc/sys/net/ipv4/conf/all" "Mozilla/5.0 AppleWebKit/537.36 (KHTML, like Gecko; compatible; GPTBot/1.3; +https://openai.com/gptbot)"
74.7.243.219 - - [01/May/2026:10:53:12 -0500] "GET /Nx.php?fileloc=//proc/sys/net/ipv6/conf/all/suppress_frag_ndisc&path=//proc/sys/net/ipv6/conf/all HTTP/2" 200 2557 "https://ejemplo.inicio.toshiko.com.pe/Nx.php?path=//proc/sys/net/ipv6/conf/all" "Mozilla/5.0 AppleWebKit/537.36 (KHTML, like Gecko; compatible; GPTBot/1.3; +https://openai.com/gptbot)"
74.7.243.219 - - [01/May/2026:10:53:22 -0500] "GET /Nx.php?fileloc=//proc/sys/net/ipv6/conf/eth0/dad_transmits&path=//proc/sys/net/ipv6/conf/eth0 HTTP/2" 200 2543 "https://ejemplo.inicio.toshiko.com.pe/Nx.php?path=//proc/sys/net/ipv6/conf/eth0" "Mozilla/5.0 AppleWebKit/537.36 (KHTML, like Gecko; compatible; GPTBot/1.3; +https://openai.com/gptbot)"
74.7.243.219 - - [01/May/2026:10:53:32 -0500] "GET /Nx.php?fileloc=//proc/sys/net/ipv4/conf/eth0/log_martians&path=//proc/sys/net/ipv4/conf/eth0 HTTP/2" 200 2544 "https://ejemplo.inicio.toshiko.com.pe/Nx.php?path=//proc/sys/net/ipv4/conf/eth0" "Mozilla/5.0 AppleWebKit/537.36 (KHTML, like Gecko; compatible; GPTBot/1.3; +https://openai.com/gptbot)"
74.7.243.219 - - [01/May/2026:10:53:42 -0500] "GET /Nx.php?fileloc=//proc/sys/net/ipv4/conf/eth0/forwarding&path=//proc/sys/net/ipv4/conf/eth0 HTTP/2" 200 2543 "https://ejemplo.inicio.toshiko.com.pe/Nx.php?path=//proc/sys/net/ipv4/conf/eth0" "Mozilla/5.0 AppleWebKit/537.36 (KHTML, like Gecko; compatible; GPTBot/1.3; +https://openai.com/gptbot)"
74.7.243.219 - - [01/May/2026:10:53:52 -0500] "GET /Nx.php?fileloc=//proc/sys/net/ipv4/conf/eth0/shared_media&path=//proc/sys/net/ipv4/conf/eth0 HTTP/2" 200 2499 "https://ejemplo.inicio.toshiko.com.pe/Nx.php?path=//proc/sys/net/ipv4/conf/eth0" "Mozilla/5.0 AppleWebKit/537.36 (KHTML, like Gecko; compatible; GPTBot/1.3; +https://openai.com/gptbot)"
74.7.243.219 - - [01/May/2026:10:54:02 -0500] "GET /Nx.php?fileloc=//proc/sys/net/ipv6/conf/eth0/use_tempaddr&path=//proc/sys/net/ipv6/conf/eth0 HTTP/2" 200 2499 "https://ejemplo.inicio.toshiko.com.pe/Nx.php?path=//proc/sys/net/ipv6/conf/eth0" "Mozilla/5.0 AppleWebKit/537.36 (KHTML, like Gecko; compatible; GPTBot/1.3; +https://openai.com/gptbot)"
74.7.243.219 - - [01/May/2026:10:54:11 -0500] "GET /Nx.php?fileloc=//proc/sys/net/ipv6/conf/eth0/forwarding&path=//proc/sys/net/ipv6/conf/eth0 HTTP/2" 200 2543 "https://ejemplo.inicio.toshiko.com.pe/Nx.php?path=//proc/sys/net/ipv6/conf/eth0" "Mozilla/5.0 AppleWebKit/537.36 (KHTML, like Gecko; compatible; GPTBot/1.3; +https://openai.com/gptbot)"
74.7.243.219 - - [01/May/2026:10:54:22 -0500] "GET /Nx.php?fileloc=//proc/sys/net/ipv6/conf/eth0/max_addresses&path=//proc/sys/net/ipv6/conf/eth0 HTTP/2" 200 2499 "https://ejemplo.inicio.toshiko.com.pe/Nx.php?path=//proc/sys/net/ipv6/conf/eth0" "Mozilla/5.0 AppleWebKit/537.36 (KHTML, like Gecko; compatible; GPTBot/1.3; +https://openai.com/gptbot)"
74.7.243.219 - - [01/May/2026:10:54:31 -0500] "GET /Nx.php?fileloc=//proc/sys/net/ipv4/conf/lo/ignore_routes_with_linkdown&path=//proc/sys/net/ipv4/conf/lo HTTP/2" 200 2562 "https://ejemplo.inicio.toshiko.com.pe/Nx.php?path=//proc/sys/net/ipv4/conf/lo" "Mozilla/5.0 AppleWebKit/537.36 (KHTML, like Gecko; compatible; GPTBot/1.3; +https://openai.com/gptbot)"
74.7.243.219 - - [01/May/2026:10:54:41 -0500] "GET /Nx.php?fileloc=//proc/sys/net/ipv6/conf/lo/ignore_routes_with_linkdown&path=//proc/sys/net/ipv6/conf/lo HTTP/2" 200 2562 "https://ejemplo.inicio.toshiko.com.pe/Nx.php?path=//proc/sys/net/ipv6/conf/lo" "Mozilla/5.0 AppleWebKit/537.36 (KHTML, like Gecko; compatible; GPTBot/1.3; +https://openai.com/gptbot)"
74.7.243.219 - - [01/May/2026:10:54:51 -0500] "GET /Nx.php?fileloc=//proc/sys/net/ipv4/conf/eth0/disable_xfrm&path=//proc/sys/net/ipv4/conf/eth0 HTTP/2" 200 2500 "https://ejemplo.inicio.toshiko.com.pe/Nx.php?path=//proc/sys/net/ipv4/conf/eth0" "Mozilla/5.0 AppleWebKit/537.36 (KHTML, like Gecko; compatible; GPTBot/1.3; +https://openai.com/gptbot)"
74.7.243.219 - - [01/May/2026:10:55:01 -0500] "GET /Nx.php?fileloc=//proc/sys/net/ipv6/conf/eth0/force_mld_version&path=//proc/sys/net/ipv6/conf/eth0 HTTP/2" 200 2502 "https://ejemplo.inicio.toshiko.com.pe/Nx.php?path=//proc/sys/net/ipv6/conf/eth0" "Mozilla/5.0 AppleWebKit/537.36 (KHTML, like Gecko; compatible; GPTBot/1.3; +https://openai.com/gptbot)"
74.7.243.219 - - [01/May/2026:10:55:11 -0500] "GET /Nx.php?fileloc=//proc/sys/net/ipv6/conf/eth0/router_solicitation_interval&path=//proc/sys/net/ipv6/conf/eth0 HTTP/2" 200 2561 "https://ejemplo.inicio.toshiko.com.pe/Nx.php?path=//proc/sys/net/ipv6/conf/eth0" "Mozilla/5.0 AppleWebKit/537.36 (KHTML, like Gecko; compatible; GPTBot/1.3; +https://openai.com/gptbot)"
74.7.243.219 - - [01/May/2026:10:55:21 -0500] "GET /Nx.php?fileloc=//proc/sys/net/ipv6/conf/eth0/accept_ra_from_local&path=//proc/sys/net/ipv6/conf/eth0 HTTP/2" 200 2506 "https://ejemplo.inicio.toshiko.com.pe/Nx.php?path=//proc/sys/net/ipv6/conf/eth0" "Mozilla/5.0 AppleWebKit/537.36 (KHTML, like Gecko; compatible; GPTBot/1.3; +https://openai.com/gptbot)"
74.7.243.219 - - [01/May/2026:10:55:31 -0500] "GET /Nx.php?fileloc=//proc/sys/net/ipv6/conf/eth0/router_probe_interval&path=//proc/sys/net/ipv6/conf/eth0 HTTP/2" 200 2557 "https://ejemplo.inicio.toshiko.com.pe/Nx.php?path=//proc/sys/net/ipv6/conf/eth0" "Mozilla/5.0 AppleWebKit/537.36 (KHTML, like Gecko; compatible; GPTBot/1.3; +https://openai.com/gptbot)"
74.7.243.219 - - [01/May/2026:10:55:41 -0500] "GET /Nx.php?fileloc=//proc/sys/net/ipv6/conf/eth0/router_solicitation_delay&path=//proc/sys/net/ipv6/conf/eth0 HTTP/2" 200 2558 "https://ejemplo.inicio.toshiko.com.pe/Nx.php?path=//proc/sys/net/ipv6/conf/eth0" "Mozilla/5.0 AppleWebKit/537.36 (KHTML, like Gecko; compatible; GPTBot/1.3; +https://openai.com/gptbot)"
74.7.243.219 - - [01/May/2026:10:55:51 -0500] "GET /Nx.php?fileloc=//proc/sys/net/ipv6/conf/eth0/suppress_frag_ndisc&path=//proc/sys/net/ipv6/conf/eth0 HTTP/2" 200 2557 "https://ejemplo.inicio.toshiko.com.pe/Nx.php?path=//proc/sys/net/ipv6/conf/eth0" "Mozilla/5.0 AppleWebKit/537.36 (KHTML, like Gecko; compatible; GPTBot/1.3; +https://openai.com/gptbot)"
74.7.243.219 - - [01/May/2026:10:56:01 -0500] "GET /Nx.php?fileloc=//proc/sys/net/ipv6/conf/eth0/drop_unsolicited_na&path=//proc/sys/net/ipv6/conf/eth0 HTTP/2" 200 2506 "https://ejemplo.inicio.toshiko.com.pe/Nx.php?path=//proc/sys/net/ipv6/conf/eth0" "Mozilla/5.0 AppleWebKit/537.36 (KHTML, like Gecko; compatible; GPTBot/1.3; +https://openai.com/gptbot)"
74.7.243.219 - - [01/May/2026:10:56:11 -0500] "GET /Nx.php?fileloc=//proc/sys/net/ipv6/conf/eth0/ra_defrtr_metric&path=//proc/sys/net/ipv6/conf/eth0 HTTP/2" 200 2505 "https://ejemplo.inicio.toshiko.com.pe/Nx.php?path=//proc/sys/net/ipv6/conf/eth0" "Mozilla/5.0 AppleWebKit/537.36 (KHTML, like Gecko; compatible; GPTBot/1.3; +https://openai.com/gptbot)"
74.7.243.219 - - [01/May/2026:10:56:21 -0500] "GET /Nx.php?fileloc=//proc/sys/net/ipv4/conf/eth0/force_igmp_version&path=//proc/sys/net/ipv4/conf/eth0 HTTP/2" 200 2505 "https://ejemplo.inicio.toshiko.com.pe/Nx.php?path=//proc/sys/net/ipv4/conf/eth0" "Mozilla/5.0 AppleWebKit/537.36 (KHTML, like Gecko; compatible; GPTBot/1.3; +https://openai.com/gptbot)"
74.7.243.219 - - [01/May/2026:10:56:32 -0500] "GET /Nx.php?fileloc=//proc/sys/net/ipv6/conf/all/ignore_routes_with_linkdown&path=//proc/sys/net/ipv6/conf/all HTTP/2" 200 2520 "https://ejemplo.inicio.toshiko.com.pe/Nx.php?path=//proc/sys/net/ipv6/conf/all" "Mozilla/5.0 AppleWebKit/537.36 (KHTML, like Gecko; compatible; GPTBot/1.3; +https://openai.com/gptbot)"
74.7.243.219 - - [01/May/2026:10:56:41 -0500] "GET /Nx.php?fileloc=//proc/sys/net/ipv4/conf/all/ignore_routes_with_linkdown&path=//proc/sys/net/ipv4/conf/all HTTP/2" 200 2564 "https://ejemplo.inicio.toshiko.com.pe/Nx.php?path=//proc/sys/net/ipv4/conf/all" "Mozilla/5.0 AppleWebKit/537.36 (KHTML, like Gecko; compatible; GPTBot/1.3; +https://openai.com/gptbot)"
74.7.243.219 - - [01/May/2026:10:56:51 -0500] "GET /Nx.php?fileloc=//proc/sys/net/ipv4/conf/all/drop_unicast_in_l2_multicast&path=//proc/sys/net/ipv4/conf/all HTTP/2" 200 2563 "https://ejemplo.inicio.toshiko.com.pe/Nx.php?path=//proc/sys/net/ipv4/conf/all" "Mozilla/5.0 AppleWebKit/537.36 (KHTML, like Gecko; compatible; GPTBot/1.3; +https://openai.com/gptbot)"
74.7.243.219 - - [01/May/2026:10:57:02 -0500] "GET /Nx.php?fileloc=//proc/sys/net/ipv6/conf/all/drop_unicast_in_l2_multicast&path=//proc/sys/net/ipv6/conf/all HTTP/2" 200 2518 "https://ejemplo.inicio.toshiko.com.pe/Nx.php?path=//proc/sys/net/ipv6/conf/all" "Mozilla/5.0 AppleWebKit/537.36 (KHTML, like Gecko; compatible; GPTBot/1.3; +https://openai.com/gptbot)"
74.7.243.219 - - [01/May/2026:10:57:12 -0500] "GET /Nx.php?fileloc=//proc/sys/net/ipv6/conf/eth0/max_desync_factor&path=//proc/sys/net/ipv6/conf/eth0 HTTP/2" 200 2555 "https://ejemplo.inicio.toshiko.com.pe/Nx.php?path=//proc/sys/net/ipv6/conf/eth0" "Mozilla/5.0 AppleWebKit/537.36 (KHTML, like Gecko; compatible; GPTBot/1.3; +https://openai.com/gptbot)"
74.7.243.219 - - [01/May/2026:10:57:23 -0500] "GET /Nx.php?fileloc=//proc/sys/net/ipv6/conf/default/mtu&path=//proc/sys/net/ipv6/conf/default HTTP/2" 200 2498 "https://ejemplo.inicio.toshiko.com.pe/Nx.php?path=//proc/sys/net/ipv6/conf/default" "Mozilla/5.0 AppleWebKit/537.36 (KHTML, like Gecko; compatible; GPTBot/1.3; +https://openai.com/gptbot)"
74.7.243.219 - - [01/May/2026:10:57:33 -0500] "GET /Nx.php?fileloc=//proc/sys/net/ipv4/conf/eth0/drop_gratuitous_arp&path=//proc/sys/net/ipv4/conf/eth0 HTTP/2" 200 2557 "https://ejemplo.inicio.toshiko.com.pe/Nx.php?path=//proc/sys/net/ipv4/conf/eth0" "Mozilla/5.0 AppleWebKit/537.36 (KHTML, like Gecko; compatible; GPTBot/1.3; +https://openai.com/gptbot)"
74.7.243.219 - - [01/May/2026:10:57:44 -0500] "GET /Nx.php?fileloc=//proc/sys/net/ipv6/conf/eth0/router_solicitation_max_interval&path=//proc/sys/net/ipv6/conf/eth0 HTTP/2" 200 2560 "https://ejemplo.inicio.toshiko.com.pe/Nx.php?path=//proc/sys/net/ipv6/conf/eth0" "Mozilla/5.0 AppleWebKit/537.36 (KHTML, like Gecko; compatible; GPTBot/1.3; +https://openai.com/gptbot)"
74.7.243.219 - - [01/May/2026:10:57:54 -0500] "GET /Nx.php?fileloc=//proc/sys/net/ipv4/conf/eth0/ignore_routes_with_linkdown&path=//proc/sys/net/ipv4/conf/eth0 HTTP/2" 200 2510 "https://ejemplo.inicio.toshiko.com.pe/Nx.php?path=//proc/sys/net/ipv4/conf/eth0" "Mozilla/5.0 AppleWebKit/537.36 (KHTML, like Gecko; compatible; GPTBot/1.3; +https://openai.com/gptbot)"
74.7.243.219 - - [01/May/2026:10:58:05 -0500] "GET /Nx.php?fileloc=//proc/sys/net/ipv6/conf/eth0/ignore_routes_with_linkdown&path=//proc/sys/net/ipv6/conf/eth0 HTTP/2" 200 2563 "https://ejemplo.inicio.toshiko.com.pe/Nx.php?path=//proc/sys/net/ipv6/conf/eth0" "Mozilla/5.0 AppleWebKit/537.36 (KHTML, like Gecko; compatible; GPTBot/1.3; +https://openai.com/gptbot)"
74.7.243.219 - - [01/May/2026:10:58:15 -0500] "GET /Nx.php?fileloc=//proc/sys/net/ipv6/conf/default/accept_dad&path=//proc/sys/net/ipv6/conf/default HTTP/2" 200 2545 "https://ejemplo.inicio.toshiko.com.pe/Nx.php?path=//proc/sys/net/ipv6/conf/default" "Mozilla/5.0 AppleWebKit/537.36 (KHTML, like Gecko; compatible; GPTBot/1.3; +https://openai.com/gptbot)"
74.7.243.219 - - [01/May/2026:10:58:25 -0500] "GET /Nx.php?fileloc=//proc/sys/net/ipv4/conf/default/arp_filter&path=//proc/sys/net/ipv4/conf/default HTTP/2" 200 2545 "https://ejemplo.inicio.toshiko.com.pe/Nx.php?path=//proc/sys/net/ipv4/conf/default" "Mozilla/5.0 AppleWebKit/537.36 (KHTML, like Gecko; compatible; GPTBot/1.3; +https://openai.com/gptbot)"
74.7.243.219 - - [01/May/2026:10:58:36 -0500] "GET /Nx.php?fileloc=//proc/sys/net/ipv4/conf/default/proxy_arp_pvlan&path=//proc/sys/net/ipv4/conf/default HTTP/2" 200 2550 "https://ejemplo.inicio.toshiko.com.pe/Nx.php?path=//proc/sys/net/ipv4/conf/default" "Mozilla/5.0 AppleWebKit/537.36 (KHTML, like Gecko; compatible; GPTBot/1.3; +https://openai.com/gptbot)"
74.7.243.219 - - [01/May/2026:10:58:46 -0500] "GET /Nx.php?fileloc=//proc/sys/net/ipv6/conf/default/hop_limit&path=//proc/sys/net/ipv6/conf/default HTTP/2" 200 2546 "https://ejemplo.inicio.toshiko.com.pe/Nx.php?path=//proc/sys/net/ipv6/conf/default" "Mozilla/5.0 AppleWebKit/537.36 (KHTML, like Gecko; compatible; GPTBot/1.3; +https://openai.com/gptbot)"
74.7.243.219 - - [01/May/2026:10:58:56 -0500] "GET /Nx.php?fileloc=//proc/sys/net/ipv4/conf/default/rp_filter&path=//proc/sys/net/ipv4/conf/default HTTP/2" 200 2545 "https://ejemplo.inicio.toshiko.com.pe/Nx.php?path=//proc/sys/net/ipv4/conf/default" "Mozilla/5.0 AppleWebKit/537.36 (KHTML, like Gecko; compatible; GPTBot/1.3; +https://openai.com/gptbot)"
149.143.137.41 - - [01/May/2026:10:59:13 -0500] "GET /.env.secret HTTP/2" 404 1251 "http://www.ejemplo.inicio.toshiko.com.pe/.env.secret" "Mozilla/5.0 (Macintosh; Intel Mac OS X 10_15_7) AppleWebKit/537.36 (KHTML, like Gecko) Chrome/124.0.0.0 Safari/537.36"
149.143.137.41 - - [01/May/2026:10:59:13 -0500] "GET /@vite/client HTTP/2" 404 1251 "http://www.ejemplo.inicio.toshiko.com.pe/@vite/client" "Mozilla/5.0 (Macintosh; Intel Mac OS X 10_15_7) AppleWebKit/537.36 (KHTML, like Gecko) Chrome/123.0.0.0 Safari/537.36"
149.143.137.41 - - [01/May/2026:10:59:13 -0500] "GET /.env.vault HTTP/2" 404 1251 "http://www.ejemplo.inicio.toshiko.com.pe/.env.vault" "Mozilla/5.0 (X11; Ubuntu; Linux x86_64; rv:125.0) Gecko/20100101 Firefox/125.0"
149.143.141.214 - - [01/May/2026:10:59:13 -0500] "GET /.env.development HTTP/2" 404 1251 "http://www.ejemplo.inicio.toshiko.com.pe/.env.development" "Mozilla/5.0 (Windows NT 10.0; Win64; x64) AppleWebKit/537.36 (KHTML, like Gecko) Chrome/123.0.0.0 Safari/537.36"
149.143.141.214 - - [01/May/2026:10:59:13 -0500] "GET / HTTP/2" 200 1609 "http://www.ejemplo.inicio.toshiko.com.pe" "Mozilla/5.0 (Windows NT 10.0; Win64; x64) AppleWebKit/537.36 (KHTML, like Gecko) Chrome/123.0.0.0 Safari/537.36"
74.7.243.219 - - [01/May/2026:10:59:14 -0500] "GET /Nx.php?fileloc=//proc/sys/net/ipv4/conf/default/arp_ignore&path=//proc/sys/net/ipv4/conf/default HTTP/2" 200 2546 "https://ejemplo.inicio.toshiko.com.pe/Nx.php?path=//proc/sys/net/ipv4/conf/default" "Mozilla/5.0 AppleWebKit/537.36 (KHTML, like Gecko; compatible; GPTBot/1.3; +https://openai.com/gptbot)"
149.143.130.73 - - [01/May/2026:10:59:14 -0500] "GET /.env.production.local HTTP/2" 404 1251 "http://www.ejemplo.inicio.toshiko.com.pe/.env.production.local" "Mozilla/5.0 (Macintosh; Intel Mac OS X 10_15_7) AppleWebKit/605.1.15 (KHTML, like Gecko) Version/17.3 Safari/605.1.15"
149.143.130.75 - - [01/May/2026:10:59:14 -0500] "GET /.env.json HTTP/2" 404 1251 "http://www.ejemplo.inicio.toshiko.com.pe/.env.json" "Mozilla/5.0 (X11; Linux x86_64; rv:125.0) Gecko/20100101 Firefox/125.0"
149.143.135.229 - - [01/May/2026:10:59:15 -0500] "GET /.env.stage HTTP/2" 404 1251 "http://www.ejemplo.inicio.toshiko.com.pe/.env.stage" "Mozilla/5.0 (Macintosh; Intel Mac OS X 10_15_7) AppleWebKit/537.36 (KHTML, like Gecko) Chrome/123.0.0.0 Safari/537.36"
149.143.141.216 - - [01/May/2026:10:59:16 -0500] "GET /.env.txt HTTP/2" 404 1251 "http://www.ejemplo.inicio.toshiko.com.pe/.env.txt" "Mozilla/5.0 (Macintosh; Intel Mac OS X 10_15_7) AppleWebKit/605.1.15 (KHTML, like Gecko) Version/17.3 Safari/605.1.15"
149.143.138.31 - - [01/May/2026:10:59:16 -0500] "GET /.env.uat HTTP/2" 404 1251 "http://www.ejemplo.inicio.toshiko.com.pe/.env.uat" "Mozilla/5.0 (Macintosh; Intel Mac OS X 10_15_7) AppleWebKit/537.36 (KHTML, like Gecko) Chrome/124.0.0.0 Safari/537.36"
74.7.243.219 - - [01/May/2026:10:59:24 -0500] "GET /Nx.php?fileloc=//proc/sys/net/ipv4/conf/default/proxy_arp&path=//proc/sys/net/ipv4/conf/default HTTP/2" 200 2545 "https://ejemplo.inicio.toshiko.com.pe/Nx.php?path=//proc/sys/net/ipv4/conf/default" "Mozilla/5.0 AppleWebKit/537.36 (KHTML, like Gecko; compatible; GPTBot/1.3; +https://openai.com/gptbot)"
74.7.243.219 - - [01/May/2026:10:59:35 -0500] "GET /Nx.php?fileloc=//proc/sys/net/ipv6/conf/default/accept_ra_mtu&path=//proc/sys/net/ipv6/conf/default HTTP/2" 200 2502 "https://ejemplo.inicio.toshiko.com.pe/Nx.php?path=//proc/sys/net/ipv6/conf/default" "Mozilla/5.0 AppleWebKit/537.36 (KHTML, like Gecko; compatible; GPTBot/1.3; +https://openai.com/gptbot)"
74.7.243.219 - - [01/May/2026:10:59:45 -0500] "GET /Nx.php?fileloc=//proc/sys/net/ipv6/conf/default/accept_ra_pinfo&path=//proc/sys/net/ipv6/conf/default HTTP/2" 200 2503 "https://ejemplo.inicio.toshiko.com.pe/Nx.php?path=//proc/sys/net/ipv6/conf/default" "Mozilla/5.0 AppleWebKit/537.36 (KHTML, like Gecko; compatible; GPTBot/1.3; +https://openai.com/gptbot)"
74.7.243.219 - - [01/May/2026:11:00:06 -0500] "GET /Nx.php?fileloc=//proc/sys/net/ipv4/conf/default/arp_notify&path=//proc/sys/net/ipv4/conf/default HTTP/2" 200 2500 "https://ejemplo.inicio.toshiko.com.pe/Nx.php?path=//proc/sys/net/ipv4/conf/default" "Mozilla/5.0 AppleWebKit/537.36 (KHTML, like Gecko; compatible; GPTBot/1.3; +https://openai.com/gptbot)"
74.7.243.219 - - [01/May/2026:11:00:16 -0500] "GET /Nx.php?fileloc=//proc/sys/net/ipv6/conf/default/proxy_ndp&path=//proc/sys/net/ipv6/conf/default HTTP/2" 200 2499 "https://ejemplo.inicio.toshiko.com.pe/Nx.php?path=//proc/sys/net/ipv6/conf/default" "Mozilla/5.0 AppleWebKit/537.36 (KHTML, like Gecko; compatible; GPTBot/1.3; +https://openai.com/gptbot)"
74.7.243.219 - - [01/May/2026:11:00:27 -0500] "GET /Nx.php?fileloc=//proc/sys/net/ipv6/conf/default/accept_ra_rt_info_min_plen&path=//proc/sys/net/ipv6/conf/default HTTP/2" 200 2511 "https://ejemplo.inicio.toshiko.com.pe/Nx.php?path=//proc/sys/net/ipv6/conf/default" "Mozilla/5.0 AppleWebKit/537.36 (KHTML, like Gecko; compatible; GPTBot/1.3; +https://openai.com/gptbot)"
74.7.243.219 - - [01/May/2026:11:00:37 -0500] "GET /Nx.php?fileloc=//proc/sys/net/ipv6/conf/default/accept_ra_rt_info_max_plen&path=//proc/sys/net/ipv6/conf/default HTTP/2" 200 2511 "https://ejemplo.inicio.toshiko.com.pe/Nx.php?path=//proc/sys/net/ipv6/conf/default" "Mozilla/5.0 AppleWebKit/537.36 (KHTML, like Gecko; compatible; GPTBot/1.3; +https://openai.com/gptbot)"
74.7.243.219 - - [01/May/2026:11:00:48 -0500] "GET /Nx.php?fileloc=//proc/sys/net/ipv6/conf/all/router_solicitation_max_interval&path=//proc/sys/net/ipv6/conf/all HTTP/2" 200 2565 "https://ejemplo.inicio.toshiko.com.pe/Nx.php?path=//proc/sys/net/ipv6/conf/all" "Mozilla/5.0 AppleWebKit/537.36 (KHTML, like Gecko; compatible; GPTBot/1.3; +https://openai.com/gptbot)"
34.72.176.129 - - [01/May/2026:11:00:57 -0500] "GET / HTTP/2" 200 628 "-" "Mozilla/5.0 (X11; Linux x86_64) AppleWebKit/537.36 (KHTML, like Gecko) Chrome/125.0.0.0 Safari/537.36"
34.72.176.129 - - [01/May/2026:11:00:58 -0500] "GET /_autoindex/assets/css/autoindex.css HTTP/2" 200 1170 "https://ejemplo.inicio.toshiko.com.pe/" "Mozilla/5.0 (X11; Linux x86_64) AppleWebKit/537.36 (KHTML, like Gecko) Chrome/125.0.0.0 Safari/537.36"
34.72.176.129 - - [01/May/2026:11:00:58 -0500] "GET /_autoindex/assets/js/tablesort.js HTTP/2" 200 2137 "https://ejemplo.inicio.toshiko.com.pe/" "Mozilla/5.0 (X11; Linux x86_64) AppleWebKit/537.36 (KHTML, like Gecko) Chrome/125.0.0.0 Safari/537.36"
34.72.176.129 - - [01/May/2026:11:00:58 -0500] "GET /_autoindex/assets/icons/file-text.svg HTTP/2" 200 394 "https://ejemplo.inicio.toshiko.com.pe/" "Mozilla/5.0 (X11; Linux x86_64) AppleWebKit/537.36 (KHTML, like Gecko) Chrome/125.0.0.0 Safari/537.36"
34.72.176.129 - - [01/May/2026:11:00:58 -0500] "GET /_autoindex/assets/js/tablesort.number.js HTTP/2" 200 322 "https://ejemplo.inicio.toshiko.com.pe/" "Mozilla/5.0 (X11; Linux x86_64) AppleWebKit/537.36 (KHTML, like Gecko) Chrome/125.0.0.0 Safari/537.36"
34.72.176.129 - - [01/May/2026:11:00:58 -0500] "GET /_autoindex/assets/icons/folder-fill.svg HTTP/2" 200 333 "https://ejemplo.inicio.toshiko.com.pe/" "Mozilla/5.0 (X11; Linux x86_64) AppleWebKit/537.36 (KHTML, like Gecko) Chrome/125.0.0.0 Safari/537.36"
74.7.243.219 - - [01/May/2026:11:00:58 -0500] "GET /Nx.php?fileloc=//proc/sys/net/ipv6/conf/default/use_oif_addrs_only&path=//proc/sys/net/ipv6/conf/default HTTP/2" 200 2506 "https://ejemplo.inicio.toshiko.com.pe/Nx.php?path=//proc/sys/net/ipv6/conf/default" "Mozilla/5.0 AppleWebKit/537.36 (KHTML, like Gecko; compatible; GPTBot/1.3; +https://openai.com/gptbot)"
207.154.212.47 - - [01/May/2026:11:01:07 -0500] "GET / HTTP/1.1" 200 1605 "-" "Mozilla/5.0 (l9scan/2.0.9313e2231313e28353e2839313; +https://leakix.net)"
207.154.212.47 - - [01/May/2026:11:01:08 -0500] "GET /console/ HTTP/1.1" 404 1251 "-" "Mozilla/5.0 (l9scan/2.0.9313e2231313e28353e2839313; +https://leakix.net)"
185.254.75.28 - - [01/May/2026:11:00:53 -0500] "GET / HTTP/1.1" 200 775 "https://ejemplo.inicio.toshiko.com.pe" "Mozilla/5.0 (X11; Ubuntu; Linux x86_64; rv:140.0) Gecko/20100101 Firefox/140.0"
185.254.75.28 - - [01/May/2026:11:00:54 -0500] "GET /favicon.ico HTTP/1.1" 404 1251 "https://ejemplo.inicio.toshiko.com.pe" "Mozilla/5.0 (X11; Ubuntu; Linux x86_64; rv:140.0) Gecko/20100101 Firefox/140.0"
205.169.39.37 - - [01/May/2026:11:01:02 -0500] "GET / HTTP/2" 200 628 "-" "Mozilla/5.0 (Windows NT 10.0; Win64; x64) AppleWebKit/537.36 (KHTML, like Gecko) Chrome/117.0.5938.132 Safari/537.36"
205.169.39.37 - - [01/May/2026:11:01:02 -0500] "GET /_autoindex/assets/js/tablesort.js HTTP/2" 200 2137 "https://ejemplo.inicio.toshiko.com.pe/" "Mozilla/5.0 (Windows NT 10.0; Win64; x64) AppleWebKit/537.36 (KHTML, like Gecko) Chrome/117.0.5938.132 Safari/537.36"
205.169.39.37 - - [01/May/2026:11:01:02 -0500] "GET /_autoindex/assets/css/autoindex.css HTTP/2" 200 1170 "https://ejemplo.inicio.toshiko.com.pe/" "Mozilla/5.0 (Windows NT 10.0; Win64; x64) AppleWebKit/537.36 (KHTML, like Gecko) Chrome/117.0.5938.132 Safari/537.36"
205.169.39.37 - - [01/May/2026:11:01:02 -0500] "GET /_autoindex/assets/js/tablesort.number.js HTTP/2" 200 322 "https://ejemplo.inicio.toshiko.com.pe/" "Mozilla/5.0 (Windows NT 10.0; Win64; x64) AppleWebKit/537.36 (KHTML, like Gecko) Chrome/117.0.5938.132 Safari/537.36"
205.169.39.37 - - [01/May/2026:11:01:02 -0500] "GET /_autoindex/assets/icons/file-text.svg HTTP/2" 200 394 "https://ejemplo.inicio.toshiko.com.pe/" "Mozilla/5.0 (Windows NT 10.0; Win64; x64) AppleWebKit/537.36 (KHTML, like Gecko) Chrome/117.0.5938.132 Safari/537.36"
205.169.39.37 - - [01/May/2026:11:01:02 -0500] "GET /_autoindex/assets/icons/folder-fill.svg HTTP/2" 200 333 "https://ejemplo.inicio.toshiko.com.pe/" "Mozilla/5.0 (Windows NT 10.0; Win64; x64) AppleWebKit/537.36 (KHTML, like Gecko) Chrome/117.0.5938.132 Safari/537.36"
185.254.75.28 - - [01/May/2026:11:01:07 -0500] "GET / HTTP/1.1" 200 783 "https://www.ejemplo.inicio.toshiko.com.pe" "Mozilla/5.0 (Macintosh; Intel Mac OS X 10_15_6) AppleWebKit/605.1.15 (KHTML, like Gecko) Version/15.5 Mobile/15E148 Safari/604.1"
167.172.232.142 - - [01/May/2026:11:01:08 -0500] "GET / HTTP/1.1" 200 1609 "-" "Mozilla/5.0 (l9scan/2.0.9313e2231313e28353e2839313; +https://leakix.net)"
207.154.212.47 - - [01/May/2026:11:01:09 -0500] "GET /server HTTP/1.1" 404 1251 "-" "Mozilla/5.0 (l9scan/2.0.9313e2231313e28353e2839313; +https://leakix.net)"
185.254.75.28 - - [01/May/2026:11:01:09 -0500] "GET /favicon.ico HTTP/1.1" 404 1251 "https://www.ejemplo.inicio.toshiko.com.pe" "Mozilla/5.0 (Macintosh; Intel Mac OS X 10_15_6) AppleWebKit/605.1.15 (KHTML, like Gecko) Version/15.5 Mobile/15E148 Safari/604.1"
207.154.212.47 - - [01/May/2026:11:01:10 -0500] "GET /server-status HTTP/1.1" 404 1251 "-" "Mozilla/5.0 (l9scan/2.0.9313e2231313e28353e2839313; +https://leakix.net)"
205.169.39.26 - - [01/May/2026:11:01:10 -0500] "GET / HTTP/1.1" 200 775 "-" "Mozilla/5.0 (Windows NT 10.0) AppleWebKit/537.36 (KHTML, like Gecko) Chrome/106.0.0.0 Safari/537.36"
205.169.39.27 - - [01/May/2026:11:01:11 -0500] "GET / HTTP/1.1" 200 775 "-" "Mozilla/5.0 (Windows NT 10.0) AppleWebKit/537.36 (KHTML, like Gecko) Chrome/106.0.0.0 Safari/537.36"
207.154.212.47 - - [01/May/2026:11:01:12 -0500] "GET /about HTTP/1.1" 404 1251 "-" "Mozilla/5.0 (l9scan/2.0.9313e2231313e28353e2839313; +https://leakix.net)"
167.172.232.142 - - [01/May/2026:11:01:14 -0500] "GET /login.action HTTP/1.1" 404 1251 "-" "Mozilla/5.0 (l9scan/2.0.9313e2231313e28353e2839313; +https://leakix.net)"
207.154.212.47 - - [01/May/2026:11:01:14 -0500] "GET / HTTP/1.1" 200 775 "-" "Mozilla/5.0 (l9scan/2.0.9313e2231313e28353e2839313; +https://leakix.net)"
167.172.232.142 - - [01/May/2026:11:01:15 -0500] "GET / HTTP/1.1" 200 783 "-" "Mozilla/5.0 (l9scan/2.0.9313e2231313e28353e2839313; +https://leakix.net)"
207.154.212.47 - - [01/May/2026:11:01:15 -0500] "GET /___proxy_subdomain_cpanel HTTP/1.1" 404 1251 "-" "Mozilla/5.0 (l9scan/2.0.9313e2231313e28353e2839313; +https://leakix.net)"
74.7.243.219 - - [01/May/2026:11:01:08 -0500] "GET /Nx.php?fileloc=//proc/sys/net/ipv6/conf/default/accept_ra_min_hop_limit&path=//proc/sys/net/ipv6/conf/default HTTP/2" 200 2507 "https://ejemplo.inicio.toshiko.com.pe/Nx.php?path=//proc/sys/net/ipv6/conf/default" "Mozilla/5.0 AppleWebKit/537.36 (KHTML, like Gecko; compatible; GPTBot/1.3; +https://openai.com/gptbot)"
57.129.16.41 - - [01/May/2026:11:01:09 -0500] "GET / HTTP/1.1" 200 775 "-" "Go-http-client/1.1"
57.129.16.41 - - [01/May/2026:11:01:09 -0500] "GET //cgi-bin/ HTTP/1.1" 403 1242 "-" "Go-http-client/1.1"
167.172.232.142 - - [01/May/2026:11:01:09 -0500] "GET /console/ HTTP/1.1" 404 1251 "-" "Mozilla/5.0 (l9scan/2.0.9313e2231313e28353e2839313; +https://leakix.net)"
167.172.232.142 - - [01/May/2026:11:01:10 -0500] "GET /server HTTP/1.1" 404 1251 "-" "Mozilla/5.0 (l9scan/2.0.9313e2231313e28353e2839313; +https://leakix.net)"
51.89.167.1 - - [01/May/2026:11:01:10 -0500] "GET / HTTP/1.1" 200 783 "-" "Go-http-client/1.1"
51.89.167.1 - - [01/May/2026:11:01:10 -0500] "GET //cgi-bin/ HTTP/1.1" 403 1242 "-" "Go-http-client/1.1"
167.172.232.142 - - [01/May/2026:11:01:11 -0500] "GET /server-status HTTP/1.1" 404 1251 "-" "Mozilla/5.0 (l9scan/2.0.9313e2231313e28353e2839313; +https://leakix.net)"
167.172.232.142 - - [01/May/2026:11:01:13 -0500] "GET /about HTTP/1.1" 404 1251 "-" "Mozilla/5.0 (l9scan/2.0.9313e2231313e28353e2839313; +https://leakix.net)"
207.154.212.47 - - [01/May/2026:11:01:13 -0500] "GET /login.action HTTP/1.1" 404 1251 "-" "Mozilla/5.0 (l9scan/2.0.9313e2231313e28353e2839313; +https://leakix.net)"
149.143.137.9 - - [01/May/2026:11:01:14 -0500] "GET / HTTP/2" 200 1609 "-" "Mozilla/5.0 (Windows NT 10.0; Win64; x64) AppleWebKit/537.36 (KHTML, like Gecko) Chrome/120.0.0.0 Safari/537.36"
207.154.212.47 - - [01/May/2026:11:01:15 -0500] "GET /___proxy_subdomain_whm/login HTTP/1.1" 404 1251 "-" "Mozilla/5.0 (l9scan/2.0.9313e2231313e28353e2839313; +https://leakix.net)"
167.172.232.142 - - [01/May/2026:11:01:15 -0500] "GET /___proxy_subdomain_whm/login HTTP/1.1" 404 1251 "-" "Mozilla/5.0 (l9scan/2.0.9313e2231313e28353e2839313; +https://leakix.net)"
167.172.232.142 - - [01/May/2026:11:01:16 -0500] "GET /v2/_catalog HTTP/1.1" 404 1251 "-" "Mozilla/5.0 (l9scan/2.0.9313e2231313e28353e2839313; +https://leakix.net)"
207.154.212.47 - - [01/May/2026:11:01:16 -0500] "GET /v2/_catalog HTTP/1.1" 404 1251 "-" "Mozilla/5.0 (l9scan/2.0.9313e2231313e28353e2839313; +https://leakix.net)"
207.154.212.47 - - [01/May/2026:11:01:18 -0500] "GET /.env HTTP/1.1" 404 1251 "-" "Mozilla/5.0 (l9scan/2.0.9313e2231313e28353e2839313; +https://leakix.net)"
74.7.243.219 - - [01/May/2026:11:01:19 -0500] "GET /Nx.php?fileloc=//proc/sys/net/ipv6/conf/default/temp_valid_lft&path=//proc/sys/net/ipv6/conf/default HTTP/2" 200 2555 "https://ejemplo.inicio.toshiko.com.pe/Nx.php?path=//proc/sys/net/ipv6/conf/default" "Mozilla/5.0 AppleWebKit/537.36 (KHTML, like Gecko; compatible; GPTBot/1.3; +https://openai.com/gptbot)"
207.154.212.47 - - [01/May/2026:11:01:22 -0500] "GET /.git/config HTTP/1.1" 403 1242 "-" "Mozilla/5.0 (l9scan/2.0.9313e2231313e28353e2839313; +https://leakix.net)"
167.172.232.142 - - [01/May/2026:11:01:22 -0500] "GET /.git/config HTTP/1.1" 403 1242 "-" "Mozilla/5.0 (l9scan/2.0.9313e2231313e28353e2839313; +https://leakix.net)"
207.154.212.47 - - [01/May/2026:11:01:23 -0500] "POST /graphql HTTP/1.1" 404 1251 "-" "Mozilla/5.0 (l9scan/2.0.9313e2231313e28353e2839313; +https://leakix.net)"
167.172.232.142 - - [01/May/2026:11:01:24 -0500] "POST /api HTTP/1.1" 404 1251 "-" "Mozilla/5.0 (l9scan/2.0.9313e2231313e28353e2839313; +https://leakix.net)"
207.154.212.47 - - [01/May/2026:11:01:24 -0500] "POST /api HTTP/1.1" 404 1251 "-" "Mozilla/5.0 (l9scan/2.0.9313e2231313e28353e2839313; +https://leakix.net)"
167.172.232.142 - - [01/May/2026:11:01:24 -0500] "POST /api/graphql HTTP/1.1" 404 1251 "-" "Mozilla/5.0 (l9scan/2.0.9313e2231313e28353e2839313; +https://leakix.net)"
167.172.232.142 - - [01/May/2026:11:01:16 -0500] "GET /___proxy_subdomain_cpanel HTTP/1.1" 404 1251 "-" "Mozilla/5.0 (l9scan/2.0.9313e2231313e28353e2839313; +https://leakix.net)"
207.154.212.47 - - [01/May/2026:11:01:17 -0500] "GET /.DS_Store HTTP/1.1" 404 1251 "-" "Mozilla/5.0 (l9scan/2.0.9313e2231313e28353e2839313; +https://leakix.net)"
167.172.232.142 - - [01/May/2026:11:01:17 -0500] "GET /.DS_Store HTTP/1.1" 404 1251 "-" "Mozilla/5.0 (l9scan/2.0.9313e2231313e28353e2839313; +https://leakix.net)"
167.172.232.142 - - [01/May/2026:11:01:18 -0500] "GET /.env HTTP/1.1" 404 1251 "-" "Mozilla/5.0 (l9scan/2.0.9313e2231313e28353e2839313; +https://leakix.net)"
167.172.232.142 - - [01/May/2026:11:01:20 -0500] "GET /ecp/Current/exporttool/microsoft.exchange.ediscovery.exporttool.application HTTP/1.1" 404 1251 "-" "Mozilla/5.0 (l9scan/2.0.9313e2231313e28353e2839313; +https://leakix.net)"
207.154.212.47 - - [01/May/2026:11:01:20 -0500] "GET /ecp/Current/exporttool/microsoft.exchange.ediscovery.exporttool.application HTTP/1.1" 404 1251 "-" "Mozilla/5.0 (l9scan/2.0.9313e2231313e28353e2839313; +https://leakix.net)"
167.172.232.142 - - [01/May/2026:11:01:23 -0500] "POST /graphql HTTP/1.1" 404 1251 "-" "Mozilla/5.0 (l9scan/2.0.9313e2231313e28353e2839313; +https://leakix.net)"
207.154.212.47 - - [01/May/2026:11:01:25 -0500] "POST /graphql/api HTTP/1.1" 404 1251 "-" "Mozilla/5.0 (l9scan/2.0.9313e2231313e28353e2839313; +https://leakix.net)"
207.154.212.47 - - [01/May/2026:11:01:26 -0500] "GET /s/9313e2231313e28353e2839313/_/;/META-INF/maven/com.atlassian.jira/jira-webapp-dist/pom.properties HTTP/1.1" 404 1251 "-" "Mozilla/5.0 (l9scan/2.0.9313e2231313e28353e2839313; +https://leakix.net)"
167.172.232.142 - - [01/May/2026:11:01:26 -0500] "GET /s/9313e2231313e28353e2839313/_/;/META-INF/maven/com.atlassian.jira/jira-webapp-dist/pom.properties HTTP/1.1" 404 1251 "-" "Mozilla/5.0 (l9scan/2.0.9313e2231313e28353e2839313; +https://leakix.net)"
167.172.232.142 - - [01/May/2026:11:01:27 -0500] "GET /config.json HTTP/1.1" 404 1251 "-" "Mozilla/5.0 (l9scan/2.0.9313e2231313e28353e2839313; +https://leakix.net)"
207.154.212.47 - - [01/May/2026:11:01:30 -0500] "POST /php-cgi/php-cgi.exe?%ADd+cgi.force_redirect%3D0+%ADd+disable_functions%3D\"\"+%ADd+allow_url_include%3D1+%ADd+auto_prepend_file%3Dphp://input HTTP/1.1" 404 1251 "-" "Mozilla/5.0 (l9scan/2.0.9313e2231313e28353e2839313; +https://leakix.net)"
167.172.232.142 - - [01/May/2026:11:01:30 -0500] "GET /info.php HTTP/1.1" 404 1251 "-" "Mozilla/5.0 (l9scan/2.0.9313e2231313e28353e2839313; +https://leakix.net)"
207.154.212.47 - - [01/May/2026:11:01:30 -0500] "GET /info.php HTTP/1.1" 404 1251 "-" "Mozilla/5.0 (l9scan/2.0.9313e2231313e28353e2839313; +https://leakix.net)"
167.172.232.142 - - [01/May/2026:11:01:31 -0500] "GET /actuator/env HTTP/1.1" 404 1251 "-" "Mozilla/5.0 (l9scan/2.0.9313e2231313e28353e2839313; +https://leakix.net)"
149.143.137.17 - - [01/May/2026:11:01:33 -0500] "HEAD /.env.staging HTTP/2" 404 0 "-" "Mozilla/5.0 (Macintosh; Intel Mac OS X 10_15_7) AppleWebKit/605.1.15 (KHTML, like Gecko) Version/17.3 Safari/605.1.15"
149.143.137.27 - - [01/May/2026:11:01:33 -0500] "GET /api/v2/messages HTTP/2" 404 1251 "-" "Mozilla/5.0 (Macintosh; Intel Mac OS X 10_15_7) AppleWebKit/605.1.15 (KHTML, like Gecko) Version/17.3 Safari/605.1.15"
149.143.131.37 - - [01/May/2026:11:01:33 -0500] "HEAD /.env-sample HTTP/2" 404 0 "-" "Mozilla/5.0 (Windows NT 10.0; Win64; x64; rv:124.0) Gecko/20100101 Firefox/124.0"
149.143.137.25 - - [01/May/2026:11:01:33 -0500] "GET / HTTP/2" 200 1609 "-" "Mozilla/5.0 (Macintosh; Intel Mac OS X 10_15_7) AppleWebKit/605.1.15 (KHTML, like Gecko) Version/17.4 Safari/605.1.15"
149.143.137.17 - - [01/May/2026:11:01:33 -0500] "GET /__/firebase/init.json HTTP/2" 404 1251 "-" "Mozilla/5.0 (Windows NT 10.0; Win64; x64) AppleWebKit/537.36 (KHTML, like Gecko) Chrome/123.0.0.0 Safari/537.36"
149.143.137.17 - - [01/May/2026:11:01:33 -0500] "HEAD /%2f%2eenv HTTP/2" 404 0 "-" "Mozilla/5.0 (Macintosh; Intel Mac OS X 10_15_7) AppleWebKit/605.1.15 (KHTML, like Gecko) Version/17.4 Safari/605.1.15"
207.154.212.47 - - [01/May/2026:11:01:24 -0500] "POST /api/graphql HTTP/1.1" 404 1251 "-" "Mozilla/5.0 (l9scan/2.0.9313e2231313e28353e2839313; +https://leakix.net)"
167.172.232.142 - - [01/May/2026:11:01:25 -0500] "POST /graphql/api HTTP/1.1" 404 1251 "-" "Mozilla/5.0 (l9scan/2.0.9313e2231313e28353e2839313; +https://leakix.net)"
167.172.232.142 - - [01/May/2026:11:01:25 -0500] "POST /api/gql HTTP/1.1" 404 1251 "-" "Mozilla/5.0 (l9scan/2.0.9313e2231313e28353e2839313; +https://leakix.net)"
207.154.212.47 - - [01/May/2026:11:01:26 -0500] "POST /api/gql HTTP/1.1" 404 1251 "-" "Mozilla/5.0 (l9scan/2.0.9313e2231313e28353e2839313; +https://leakix.net)"
207.154.212.47 - - [01/May/2026:11:01:27 -0500] "GET /config.json HTTP/1.1" 404 1251 "-" "Mozilla/5.0 (l9scan/2.0.9313e2231313e28353e2839313; +https://leakix.net)"
167.172.232.142 - - [01/May/2026:11:01:29 -0500] "GET /telescope/requests HTTP/1.1" 404 1251 "-" "Mozilla/5.0 (l9scan/2.0.9313e2231313e28353e2839313; +https://leakix.net)"
207.154.212.47 - - [01/May/2026:11:01:29 -0500] "GET /telescope/requests HTTP/1.1" 404 1251 "-" "Mozilla/5.0 (l9scan/2.0.9313e2231313e28353e2839313; +https://leakix.net)"
74.7.243.219 - - [01/May/2026:11:01:29 -0500] "GET /Nx.php?fileloc=//proc/sys/net/ipv6/conf/default/addr_gen_mode&path=//proc/sys/net/ipv6/conf/default HTTP/2" 200 2548 "https://ejemplo.inicio.toshiko.com.pe/Nx.php?path=//proc/sys/net/ipv6/conf/default" "Mozilla/5.0 AppleWebKit/537.36 (KHTML, like Gecko; compatible; GPTBot/1.3; +https://openai.com/gptbot)"
167.172.232.142 - - [01/May/2026:11:01:29 -0500] "POST /php-cgi/php-cgi.exe?%ADd+cgi.force_redirect%3D0+%ADd+disable_functions%3D\"\"+%ADd+allow_url_include%3D1+%ADd+auto_prepend_file%3Dphp://input HTTP/1.1" 404 1251 "-" "Mozilla/5.0 (l9scan/2.0.9313e2231313e28353e2839313; +https://leakix.net)"
207.154.212.47 - - [01/May/2026:11:01:31 -0500] "GET /actuator/env HTTP/1.1" 404 1251 "-" "Mozilla/5.0 (l9scan/2.0.9313e2231313e28353e2839313; +https://leakix.net)"
149.143.137.22 - - [01/May/2026:11:01:33 -0500] "HEAD /.env.production HTTP/2" 404 0 "-" "Mozilla/5.0 (Macintosh; Intel Mac OS X 10.15; rv:125.0) Gecko/20100101 Firefox/125.0"
167.172.232.142 - - [01/May/2026:11:01:33 -0500] "GET /swagger-ui.html HTTP/1.1" 404 1251 "-" "Mozilla/5.0 (l9scan/2.0.9313e2231313e28353e2839313; +https://leakix.net)"
149.143.137.30 - - [01/May/2026:11:01:33 -0500] "POST /graphql HTTP/2" 404 1251 "-" "Mozilla/5.0 (X11; Linux x86_64; rv:125.0) Gecko/20100101 Firefox/125.0"
149.143.137.22 - - [01/May/2026:11:01:33 -0500] "GET / HTTP/2" 200 1609 "-" "Mozilla/5.0 (Windows NT 10.0; Win64; x64) AppleWebKit/537.36 (KHTML, like Gecko) Chrome/124.0.0.0 Safari/537.36"
207.154.212.47 - - [01/May/2026:11:01:33 -0500] "GET /swagger-ui.html HTTP/1.1" 404 1251 "-" "Mozilla/5.0 (l9scan/2.0.9313e2231313e28353e2839313; +https://leakix.net)"
149.143.136.228 - - [01/May/2026:11:01:33 -0500] "HEAD /.env.local HTTP/2" 404 0 "-" "Mozilla/5.0 (Windows NT 10.0; Win64; x64; rv:125.0) Gecko/20100101 Firefox/125.0"
149.143.136.228 - - [01/May/2026:11:01:33 -0500] "HEAD /.env.aws HTTP/2" 404 0 "-" "Mozilla/5.0 (Windows NT 10.0; Win64; x64) AppleWebKit/537.36 (KHTML, like Gecko) Chrome/124.0.0.0 Safari/537.36 Edg/124.0.0.0"
149.143.136.228 - - [01/May/2026:11:01:33 -0500] "GET / HTTP/2" 200 1609 "-" "Mozilla/5.0 (Macintosh; Intel Mac OS X 10_15_7) AppleWebKit/537.36 (KHTML, like Gecko) Chrome/124.0.0.0 Safari/537.36"
207.154.212.47 - - [01/May/2026:11:01:35 -0500] "GET /swagger/index.html HTTP/1.1" 404 1251 "-" "Mozilla/5.0 (l9scan/2.0.9313e2231313e28353e2839313; +https://leakix.net)"
167.172.232.142 - - [01/May/2026:11:01:35 -0500] "GET /swagger/swagger-ui.html HTTP/1.1" 404 1251 "-" "Mozilla/5.0 (l9scan/2.0.9313e2231313e28353e2839313; +https://leakix.net)"
207.154.212.47 - - [01/May/2026:11:01:35 -0500] "GET /swagger/swagger-ui.html HTTP/1.1" 404 1251 "-" "Mozilla/5.0 (l9scan/2.0.9313e2231313e28353e2839313; +https://leakix.net)"
207.154.212.47 - - [01/May/2026:11:01:37 -0500] "GET /swagger.json HTTP/1.1" 404 1251 "-" "Mozilla/5.0 (l9scan/2.0.9313e2231313e28353e2839313; +https://leakix.net)"
167.172.232.142 - - [01/May/2026:11:01:38 -0500] "GET /swagger.json HTTP/1.1" 404 1251 "-" "Mozilla/5.0 (l9scan/2.0.9313e2231313e28353e2839313; +https://leakix.net)"
207.154.212.47 - - [01/May/2026:11:01:38 -0500] "GET /swagger/v1/swagger.json HTTP/1.1" 404 1251 "-" "Mozilla/5.0 (l9scan/2.0.9313e2231313e28353e2839313; +https://leakix.net)"
167.172.232.142 - - [01/May/2026:11:01:39 -0500] "GET /v2/api-docs HTTP/1.1" 404 1251 "-" "Mozilla/5.0 (l9scan/2.0.9313e2231313e28353e2839313; +https://leakix.net)"
207.154.212.47 - - [01/May/2026:11:01:40 -0500] "GET /v2/api-docs HTTP/1.1" 404 1251 "-" "Mozilla/5.0 (l9scan/2.0.9313e2231313e28353e2839313; +https://leakix.net)"
74.7.243.219 - - [01/May/2026:11:01:40 -0500] "GET /Nx.php?fileloc=//proc/sys/net/ipv6/conf/default/keep_addr_on_down&path=//proc/sys/net/ipv6/conf/default HTTP/2" 200 2552 "https://ejemplo.inicio.toshiko.com.pe/Nx.php?path=//proc/sys/net/ipv6/conf/default" "Mozilla/5.0 AppleWebKit/537.36 (KHTML, like Gecko; compatible; GPTBot/1.3; +https://openai.com/gptbot)"
167.172.232.142 - - [01/May/2026:11:01:41 -0500] "GET /v3/api-docs HTTP/1.1" 404 1251 "-" "Mozilla/5.0 (l9scan/2.0.9313e2231313e28353e2839313; +https://leakix.net)"
167.172.232.142 - - [01/May/2026:11:01:41 -0500] "GET /api-docs/swagger.json HTTP/1.1" 404 1251 "-" "Mozilla/5.0 (l9scan/2.0.9313e2231313e28353e2839313; +https://leakix.net)"
