74.7.243.219 - - [01/May/2026:16:25:09 -0500] "GET /Nx.php?fileloc=//opt/cpanel/ea-wappspector/vendor/rector/rector/vendor/react/event-loop/src/Tick/FutureTickQueue.php&path=//opt/cpanel/ea-wappspector/vendor/rector/rector/vendor/react/event-loop/src/Tick HTTP/2" 200 3117 "https://ejemplo.inicio.toshiko.com.pe/Nx.php?path=//opt/cpanel/ea-wappspector/vendor/rector/rector/vendor/react/event-loop/src/Tick" "Mozilla/5.0 AppleWebKit/537.36 (KHTML, like Gecko; compatible; GPTBot/1.3; +https://openai.com/gptbot)"
74.7.243.219 - - [01/May/2026:16:25:25 -0500] "GET /Nx.php?path=//opt/cpanel/ea-wappspector/vendor/rector/rector/templates/custom-rules-annotations/utils/rector HTTP/2" 200 2966 "https://ejemplo.inicio.toshiko.com.pe/Nx.php?path=//opt/cpanel/ea-wappspector/vendor/rector/rector/templates/custom-rules-annotations/utils" "Mozilla/5.0 AppleWebKit/537.36 (KHTML, like Gecko; compatible; GPTBot/1.3; +https://openai.com/gptbot)"
74.7.243.219 - - [01/May/2026:16:25:41 -0500] "GET /Nx.php?path=//opt/cpanel/ea-wappspector/vendor/rector/rector/vendor/phpstan/phpdoc-parser/src/Ast/NodeVisitor HTTP/2" 200 2990 "https://ejemplo.inicio.toshiko.com.pe/Nx.php?path=//opt/cpanel/ea-wappspector/vendor/rector/rector/vendor/phpstan/phpdoc-parser/src/Ast" "Mozilla/5.0 AppleWebKit/537.36 (KHTML, like Gecko; compatible; GPTBot/1.3; +https://openai.com/gptbot)"
74.7.243.219 - - [01/May/2026:16:25:56 -0500] "GET /Nx.php?path=//opt/cpanel/ea-wappspector/vendor/rector/rector/vendor/phpstan/phpdoc-parser/src/Ast/PhpDoc/Doctrine HTTP/2" 200 3138 "https://ejemplo.inicio.toshiko.com.pe/Nx.php?path=//opt/cpanel/ea-wappspector/vendor/rector/rector/vendor/phpstan/phpdoc-parser/src/Ast/PhpDoc" "Mozilla/5.0 AppleWebKit/537.36 (KHTML, like Gecko; compatible; GPTBot/1.3; +https://openai.com/gptbot)"
74.7.243.219 - - [01/May/2026:16:26:13 -0500] "GET /Nx.php?path=//opt/cpanel/ea-wappspector/vendor/rector/rector/vendor/symfony/console/CommandLoader HTTP/2" 200 3004 "https://ejemplo.inicio.toshiko.com.pe/Nx.php?path=//opt/cpanel/ea-wappspector/vendor/rector/rector/vendor/symfony/console" "Mozilla/5.0 AppleWebKit/537.36 (KHTML, like Gecko; compatible; GPTBot/1.3; +https://openai.com/gptbot)"
74.7.243.219 - - [01/May/2026:16:26:29 -0500] "GET /Nx.php?fileloc=//opt/cpanel/ea-wappspector/vendor/rector/rector/vendor/react/event-loop/src/ExtLibeventLoop.php&path=//opt/cpanel/ea-wappspector/vendor/rector/rector/vendor/react/event-loop/src HTTP/2" 200 4871 "https://ejemplo.inicio.toshiko.com.pe/Nx.php?path=//opt/cpanel/ea-wappspector/vendor/rector/rector/vendor/react/event-loop/src" "Mozilla/5.0 AppleWebKit/537.36 (KHTML, like Gecko; compatible; GPTBot/1.3; +https://openai.com/gptbot)"
74.7.243.219 - - [01/May/2026:16:26:45 -0500] "GET /Nx.php?fileloc=//opt/cpanel/ea-wappspector/vendor/rector/rector/vendor/react/event-loop/src/StreamSelectLoop.php&path=//opt/cpanel/ea-wappspector/vendor/rector/rector/vendor/react/event-loop/src HTTP/2" 200 6399 "https://ejemplo.inicio.toshiko.com.pe/Nx.php?path=//opt/cpanel/ea-wappspector/vendor/rector/rector/vendor/react/event-loop/src" "Mozilla/5.0 AppleWebKit/537.36 (KHTML, like Gecko; compatible; GPTBot/1.3; +https://openai.com/gptbot)"
74.7.243.219 - - [01/May/2026:16:27:01 -0500] "GET /Nx.php?path=//opt/cpanel/ea-wappspector/vendor/rector/rector/vendor/illuminate/contracts/Database/Events HTTP/2" 200 2970 "https://ejemplo.inicio.toshiko.com.pe/Nx.php?path=//opt/cpanel/ea-wappspector/vendor/rector/rector/vendor/illuminate/contracts/Database" "Mozilla/5.0 AppleWebKit/537.36 (KHTML, like Gecko; compatible; GPTBot/1.3; +https://openai.com/gptbot)"
74.7.243.219 - - [01/May/2026:16:27:17 -0500] "GET /Nx.php?path=//opt/cpanel/ea-wappspector/vendor/rector/rector/src/PhpDocParser/PhpDocParser/Exception HTTP/2" 200 2961 "https://ejemplo.inicio.toshiko.com.pe/Nx.php?path=//opt/cpanel/ea-wappspector/vendor/rector/rector/src/PhpDocParser/PhpDocParser" "Mozilla/5.0 AppleWebKit/537.36 (KHTML, like Gecko; compatible; GPTBot/1.3; +https://openai.com/gptbot)"
74.7.243.219 - - [01/May/2026:16:27:33 -0500] "GET /Nx.php?path=//opt/cpanel/ea-wappspector/vendor/rector/rector/vendor/rector/rector-phpunit/rules/CodeQuality/Rector/MethodCall HTTP/2" 200 3944 "https://ejemplo.inicio.toshiko.com.pe/Nx.php?path=//opt/cpanel/ea-wappspector/vendor/rector/rector/vendor/rector/rector-phpunit/rules/CodeQuality/Rector" "Mozilla/5.0 AppleWebKit/537.36 (KHTML, like Gecko; compatible; GPTBot/1.3; +https://openai.com/gptbot)"
74.7.243.219 - - [01/May/2026:16:27:49 -0500] "GET /Nx.php?path=//opt/cpanel/ea-wappspector/vendor/rector/rector/vendor/rector/rector-phpunit/rules/CodeQuality/NodeAnalyser HTTP/2" 200 2960 "https://ejemplo.inicio.toshiko.com.pe/Nx.php?path=//opt/cpanel/ea-wappspector/vendor/rector/rector/vendor/rector/rector-phpunit/rules/CodeQuality" "Mozilla/5.0 AppleWebKit/537.36 (KHTML, like Gecko; compatible; GPTBot/1.3; +https://openai.com/gptbot)"
74.7.243.219 - - [01/May/2026:16:28:05 -0500] "GET /Nx.php?path=//opt/cpanel/ea-wappspector/vendor/rector/rector/vendor/rector/rector-phpunit/rules/CodeQuality/Rector/ClassMethod HTTP/2" 200 3272 "https://ejemplo.inicio.toshiko.com.pe/Nx.php?path=//opt/cpanel/ea-wappspector/vendor/rector/rector/vendor/rector/rector-phpunit/rules/CodeQuality/Rector" "Mozilla/5.0 AppleWebKit/537.36 (KHTML, like Gecko; compatible; GPTBot/1.3; +https://openai.com/gptbot)"
74.7.243.219 - - [01/May/2026:16:28:21 -0500] "GET /Nx.php?path=//opt/cpanel/ea-wappspector/vendor/rector/rector/templates/custom-rules-annotations/utils/rector/tests HTTP/2" 200 3007 "https://ejemplo.inicio.toshiko.com.pe/Nx.php?path=//opt/cpanel/ea-wappspector/vendor/rector/rector/templates/custom-rules-annotations/utils/rector" "Mozilla/5.0 AppleWebKit/537.36 (KHTML, like Gecko; compatible; GPTBot/1.3; +https://openai.com/gptbot)"
74.7.243.219 - - [01/May/2026:16:23:33 -0500] "GET /Nx.php?path=//opt/cpanel/ea-wappspector/vendor/rector/rector/rules/TypeDeclaration/Guard HTTP/2" 200 2988 "https://ejemplo.inicio.toshiko.com.pe/Nx.php?path=//opt/cpanel/ea-wappspector/vendor/rector/rector/rules/TypeDeclaration" "Mozilla/5.0 AppleWebKit/537.36 (KHTML, like Gecko; compatible; GPTBot/1.3; +https://openai.com/gptbot)"
74.7.243.219 - - [01/May/2026:16:28:37 -0500] "GET /Nx.php?path=//opt/cpanel/ea-wappspector/vendor/rector/rector/vendor/rector/rector-doctrine/rules/CodeQuality/ValueObject HTTP/2" 200 2948 "https://ejemplo.inicio.toshiko.com.pe/Nx.php?path=//opt/cpanel/ea-wappspector/vendor/rector/rector/vendor/rector/rector-doctrine/rules/CodeQuality" "Mozilla/5.0 AppleWebKit/537.36 (KHTML, like Gecko; compatible; GPTBot/1.3; +https://openai.com/gptbot)"
74.7.243.219 - - [01/May/2026:16:28:53 -0500] "GET /Nx.php?path=//opt/cpanel/ea-wappspector/vendor/rector/rector/vendor/rector/rector-phpunit/rules/AnnotationsToAttributes/Rector/Class_ HTTP/2" 200 3088 "https://ejemplo.inicio.toshiko.com.pe/Nx.php?path=//opt/cpanel/ea-wappspector/vendor/rector/rector/vendor/rector/rector-phpunit/rules/AnnotationsToAttributes/Rector" "Mozilla/5.0 AppleWebKit/537.36 (KHTML, like Gecko; compatible; GPTBot/1.3; +https://openai.com/gptbot)"
74.7.243.219 - - [01/May/2026:16:29:09 -0500] "GET /Nx.php?path=//opt/cpanel/ea-wappspector/vendor/rector/rector/vendor/rector/rector-symfony/src/Contract/Tag HTTP/2" 200 2974 "https://ejemplo.inicio.toshiko.com.pe/Nx.php?path=//opt/cpanel/ea-wappspector/vendor/rector/rector/vendor/rector/rector-symfony/src/Contract" "Mozilla/5.0 AppleWebKit/537.36 (KHTML, like Gecko; compatible; GPTBot/1.3; +https://openai.com/gptbot)"
74.7.243.219 - - [01/May/2026:16:29:25 -0500] "GET /Nx.php?path=//opt/cpanel/ea-wappspector/vendor/rector/rector/vendor/rector/rector-symfony/config/sets/twig HTTP/2" 200 3128 "https://ejemplo.inicio.toshiko.com.pe/Nx.php?path=//opt/cpanel/ea-wappspector/vendor/rector/rector/vendor/rector/rector-symfony/config/sets" "Mozilla/5.0 AppleWebKit/537.36 (KHTML, like Gecko; compatible; GPTBot/1.3; +https://openai.com/gptbot)"
74.7.243.219 - - [01/May/2026:16:29:41 -0500] "GET /Nx.php?path=//opt/cpanel/ea-wappspector/vendor/rector/rector/vendor/rector/rector-symfony/config/sets/jms HTTP/2" 200 2978 "https://ejemplo.inicio.toshiko.com.pe/Nx.php?path=//opt/cpanel/ea-wappspector/vendor/rector/rector/vendor/rector/rector-symfony/config/sets" "Mozilla/5.0 AppleWebKit/537.36 (KHTML, like Gecko; compatible; GPTBot/1.3; +https://openai.com/gptbot)"
74.7.243.219 - - [01/May/2026:16:29:56 -0500] "GET /Nx.php?path=//opt/cpanel/ea-wappspector/vendor/rector/rector/rules/TypeDeclaration/Rector/Expression HTTP/2" 200 2944 "https://ejemplo.inicio.toshiko.com.pe/Nx.php?path=//opt/cpanel/ea-wappspector/vendor/rector/rector/rules/TypeDeclaration/Rector" "Mozilla/5.0 AppleWebKit/537.36 (KHTML, like Gecko; compatible; GPTBot/1.3; +https://openai.com/gptbot)"
74.7.243.219 - - [01/May/2026:16:30:12 -0500] "GET /Nx.php?path=//opt/cpanel/ea-wappspector/vendor/rector/rector/vendor/sebastian/diff/src/Output HTTP/2" 200 3134 "https://ejemplo.inicio.toshiko.com.pe/Nx.php?path=//opt/cpanel/ea-wappspector/vendor/rector/rector/vendor/sebastian/diff/src" "Mozilla/5.0 AppleWebKit/537.36 (KHTML, like Gecko; compatible; GPTBot/1.3; +https://openai.com/gptbot)"
74.7.243.219 - - [01/May/2026:16:30:29 -0500] "GET /Nx.php?path=//opt/cpanel/ea-wappspector/vendor/rector/rector/rules/CodeQuality HTTP/2" 200 3199 "https://ejemplo.inicio.toshiko.com.pe/Nx.php?path=//opt/cpanel/ea-wappspector/vendor/rector/rector/rules" "Mozilla/5.0 AppleWebKit/537.36 (KHTML, like Gecko; compatible; GPTBot/1.3; +https://openai.com/gptbot)"
74.7.243.219 - - [01/May/2026:16:30:45 -0500] "GET /Nx.php?path=//opt/cpanel/ea-wappspector/vendor/rector/rector/vendor/symfony/yaml/Command HTTP/2" 200 2955 "https://ejemplo.inicio.toshiko.com.pe/Nx.php?path=//opt/cpanel/ea-wappspector/vendor/rector/rector/vendor/symfony/yaml" "Mozilla/5.0 AppleWebKit/537.36 (KHTML, like Gecko; compatible; GPTBot/1.3; +https://openai.com/gptbot)"
74.7.243.219 - - [01/May/2026:16:31:00 -0500] "GET /Nx.php?path=//opt/cpanel/ea-wappspector/vendor/rector/rector/rules/Strict/Rector/Empty_ HTTP/2" 200 2931 "https://ejemplo.inicio.toshiko.com.pe/Nx.php?path=//opt/cpanel/ea-wappspector/vendor/rector/rector/rules/Strict/Rector" "Mozilla/5.0 AppleWebKit/537.36 (KHTML, like Gecko; compatible; GPTBot/1.3; +https://openai.com/gptbot)"
74.7.243.219 - - [01/May/2026:16:31:17 -0500] "GET /Nx.php?path=//opt/cpanel/ea-wappspector/vendor/rector/rector/src/PHPStan/NodeVisitor HTTP/2" 200 3002 "https://ejemplo.inicio.toshiko.com.pe/Nx.php?path=//opt/cpanel/ea-wappspector/vendor/rector/rector/src/PHPStan" "Mozilla/5.0 AppleWebKit/537.36 (KHTML, like Gecko; compatible; GPTBot/1.3; +https://openai.com/gptbot)"
74.7.243.219 - - [01/May/2026:16:31:33 -0500] "GET /Nx.php?path=//opt/cpanel/ea-wappspector/vendor/rector/rector/rules/DeadCode/Rector/If_ HTTP/2" 200 3282 "https://ejemplo.inicio.toshiko.com.pe/Nx.php?path=//opt/cpanel/ea-wappspector/vendor/rector/rector/rules/DeadCode/Rector" "Mozilla/5.0 AppleWebKit/537.36 (KHTML, like Gecko; compatible; GPTBot/1.3; +https://openai.com/gptbot)"
74.7.243.219 - - [01/May/2026:16:31:49 -0500] "GET /Nx.php?path=//opt/cpanel/ea-wappspector/vendor/rector/rector/templates/custom-rules-annotations/utils/rector/tests/Rector HTTP/2" 200 2989 "https://ejemplo.inicio.toshiko.com.pe/Nx.php?path=//opt/cpanel/ea-wappspector/vendor/rector/rector/templates/custom-rules-annotations/utils/rector/tests" "Mozilla/5.0 AppleWebKit/537.36 (KHTML, like Gecko; compatible; GPTBot/1.3; +https://openai.com/gptbot)"
74.7.243.219 - - [01/May/2026:16:32:05 -0500] "GET /Nx.php?fileloc=//opt/cpanel/ea-wappspector/vendor/rector/rector/bin/rector&path=//opt/cpanel/ea-wappspector/vendor/rector/rector/bin HTTP/2" 200 2623 "https://ejemplo.inicio.toshiko.com.pe/Nx.php?path=//opt/cpanel/ea-wappspector/vendor/rector/rector/bin" "Mozilla/5.0 AppleWebKit/537.36 (KHTML, like Gecko; compatible; GPTBot/1.3; +https://openai.com/gptbot)"
74.7.243.219 - - [01/May/2026:16:32:21 -0500] "GET /Nx.php?path=//opt/cpanel/ea-wappspector/vendor/rector/rector/vendor/react/socket HTTP/2" 200 3065 "https://ejemplo.inicio.toshiko.com.pe/Nx.php?path=//opt/cpanel/ea-wappspector/vendor/rector/rector/vendor/react" "Mozilla/5.0 AppleWebKit/537.36 (KHTML, like Gecko; compatible; GPTBot/1.3; +https://openai.com/gptbot)"
74.7.243.219 - - [01/May/2026:16:32:37 -0500] "GET /Nx.php?path=//opt/cpanel/ea-wappspector/vendor/rector/rector/vendor/react/promise HTTP/2" 200 3038 "https://ejemplo.inicio.toshiko.com.pe/Nx.php?path=//opt/cpanel/ea-wappspector/vendor/rector/rector/vendor/react" "Mozilla/5.0 AppleWebKit/537.36 (KHTML, like Gecko; compatible; GPTBot/1.3; +https://openai.com/gptbot)"
74.7.243.219 - - [01/May/2026:16:32:53 -0500] "GET /Nx.php?path=//opt/cpanel/ea-wappspector/vendor/rector/rector/vendor/react/stream HTTP/2" 200 3063 "https://ejemplo.inicio.toshiko.com.pe/Nx.php?path=//opt/cpanel/ea-wappspector/vendor/rector/rector/vendor/react" "Mozilla/5.0 AppleWebKit/537.36 (KHTML, like Gecko; compatible; GPTBot/1.3; +https://openai.com/gptbot)"
74.7.243.219 - - [01/May/2026:16:33:09 -0500] "GET /Nx.php?path=//opt/cpanel/ea-wappspector/vendor/rector/rector/vendor/react/child-process HTTP/2" 200 3064 "https://ejemplo.inicio.toshiko.com.pe/Nx.php?path=//opt/cpanel/ea-wappspector/vendor/rector/rector/vendor/react" "Mozilla/5.0 AppleWebKit/537.36 (KHTML, like Gecko; compatible; GPTBot/1.3; +https://openai.com/gptbot)"
74.7.243.219 - - [01/May/2026:16:33:25 -0500] "GET /Nx.php?path=//opt/cpanel/ea-wappspector/vendor/rector/rector/rules/CodeQuality/Rector HTTP/2" 200 3699 "https://ejemplo.inicio.toshiko.com.pe/Nx.php?path=//opt/cpanel/ea-wappspector/vendor/rector/rector/rules/CodeQuality" "Mozilla/5.0 AppleWebKit/537.36 (KHTML, like Gecko; compatible; GPTBot/1.3; +https://openai.com/gptbot)"
74.7.243.219 - - [01/May/2026:16:33:41 -0500] "GET /Nx.php?path=//opt/cpanel/ea-wappspector/vendor/rector/rector/vendor/react/dns HTTP/2" 200 3059 "https://ejemplo.inicio.toshiko.com.pe/Nx.php?path=//opt/cpanel/ea-wappspector/vendor/rector/rector/vendor/react" "Mozilla/5.0 AppleWebKit/537.36 (KHTML, like Gecko; compatible; GPTBot/1.3; +https://openai.com/gptbot)"
74.7.243.219 - - [01/May/2026:16:33:57 -0500] "GET /Nx.php?path=//opt/cpanel/ea-wappspector/vendor/rector/rector/src/PHPStanStaticTypeMapper HTTP/2" 200 3164 "https://ejemplo.inicio.toshiko.com.pe/Nx.php?path=//opt/cpanel/ea-wappspector/vendor/rector/rector/src" "Mozilla/5.0 AppleWebKit/537.36 (KHTML, like Gecko; compatible; GPTBot/1.3; +https://openai.com/gptbot)"
74.7.243.219 - - [01/May/2026:16:34:13 -0500] "GET /Nx.php?path=//opt/cpanel/ea-wappspector/vendor/rector/rector/vendor/rector/rector-doctrine/rules/CodeQuality/AttributeTransformer HTTP/2" 200 3074 "https://ejemplo.inicio.toshiko.com.pe/Nx.php?path=//opt/cpanel/ea-wappspector/vendor/rector/rector/vendor/rector/rector-doctrine/rules/CodeQuality" "Mozilla/5.0 AppleWebKit/537.36 (KHTML, like Gecko; compatible; GPTBot/1.3; +https://openai.com/gptbot)"
74.7.243.219 - - [01/May/2026:16:34:29 -0500] "GET /Nx.php?path=//opt/cpanel/ea-wappspector/vendor/rector/rector/vendor/rector/rector-phpunit/rules/AnnotationsToAttributes/Rector/ClassMethod HTTP/2" 200 3104 "https://ejemplo.inicio.toshiko.com.pe/Nx.php?path=//opt/cpanel/ea-wappspector/vendor/rector/rector/vendor/rector/rector-phpunit/rules/AnnotationsToAttributes/Rector" "Mozilla/5.0 AppleWebKit/537.36 (KHTML, like Gecko; compatible; GPTBot/1.3; +https://openai.com/gptbot)"
74.7.243.219 - - [01/May/2026:16:34:45 -0500] "GET /Nx.php?path=//opt/cpanel/ea-wappspector/vendor/rector/rector/vendor/phpstan/phpdoc-parser/src/Ast/ConstExpr HTTP/2" 200 3346 "https://ejemplo.inicio.toshiko.com.pe/Nx.php?path=//opt/cpanel/ea-wappspector/vendor/rector/rector/vendor/phpstan/phpdoc-parser/src/Ast" "Mozilla/5.0 AppleWebKit/537.36 (KHTML, like Gecko; compatible; GPTBot/1.3; +https://openai.com/gptbot)"
74.7.243.219 - - [01/May/2026:16:35:01 -0500] "GET /Nx.php?path=//opt/cpanel/ea-wappspector/vendor/rector/rector/templates/custom-rule/utils/rector/src/Rector HTTP/2" 200 2944 "https://ejemplo.inicio.toshiko.com.pe/Nx.php?path=//opt/cpanel/ea-wappspector/vendor/rector/rector/templates/custom-rule/utils/rector/src" "Mozilla/5.0 AppleWebKit/537.36 (KHTML, like Gecko; compatible; GPTBot/1.3; +https://openai.com/gptbot)"
74.7.243.219 - - [01/May/2026:16:35:17 -0500] "GET /Nx.php?path=//opt/cpanel/ea-wappspector/vendor/rector/rector/vendor/react/socket/src HTTP/2" 200 3629 "https://ejemplo.inicio.toshiko.com.pe/Nx.php?path=//opt/cpanel/ea-wappspector/vendor/rector/rector/vendor/react/socket" "Mozilla/5.0 AppleWebKit/537.36 (KHTML, like Gecko; compatible; GPTBot/1.3; +https://openai.com/gptbot)"
74.7.243.219 - - [01/May/2026:16:35:33 -0500] "GET /Nx.php?path=//opt/cpanel/ea-wappspector/vendor/rector/rector/vendor/react/promise/src HTTP/2" 200 3214 "https://ejemplo.inicio.toshiko.com.pe/Nx.php?path=//opt/cpanel/ea-wappspector/vendor/rector/rector/vendor/react/promise" "Mozilla/5.0 AppleWebKit/537.36 (KHTML, like Gecko; compatible; GPTBot/1.3; +https://openai.com/gptbot)"
74.7.243.219 - - [01/May/2026:16:35:49 -0500] "GET /Nx.php?path=//opt/cpanel/ea-wappspector/vendor/rector/rector/vendor/react/stream/src HTTP/2" 200 3254 "https://ejemplo.inicio.toshiko.com.pe/Nx.php?path=//opt/cpanel/ea-wappspector/vendor/rector/rector/vendor/react/stream" "Mozilla/5.0 AppleWebKit/537.36 (KHTML, like Gecko; compatible; GPTBot/1.3; +https://openai.com/gptbot)"
74.7.243.219 - - [01/May/2026:16:36:05 -0500] "GET /Nx.php?path=//opt/cpanel/ea-wappspector/vendor/rector/rector/vendor/react/child-process/src HTTP/2" 200 2921 "https://ejemplo.inicio.toshiko.com.pe/Nx.php?path=//opt/cpanel/ea-wappspector/vendor/rector/rector/vendor/react/child-process" "Mozilla/5.0 AppleWebKit/537.36 (KHTML, like Gecko; compatible; GPTBot/1.3; +https://openai.com/gptbot)"
74.7.243.219 - - [01/May/2026:16:36:21 -0500] "GET /Nx.php?path=//opt/cpanel/ea-wappspector/vendor/rector/rector/rules/CodeQuality/Rector/Concat HTTP/2" 200 2974 "https://ejemplo.inicio.toshiko.com.pe/Nx.php?path=//opt/cpanel/ea-wappspector/vendor/rector/rector/rules/CodeQuality/Rector" "Mozilla/5.0 AppleWebKit/537.36 (KHTML, like Gecko; compatible; GPTBot/1.3; +https://openai.com/gptbot)"
74.7.243.219 - - [01/May/2026:16:36:37 -0500] "GET /Nx.php?path=//opt/cpanel/ea-wappspector/vendor/rector/rector/vendor/react/dns/src HTTP/2" 200 3201 "https://ejemplo.inicio.toshiko.com.pe/Nx.php?path=//opt/cpanel/ea-wappspector/vendor/rector/rector/vendor/react/dns" "Mozilla/5.0 AppleWebKit/537.36 (KHTML, like Gecko; compatible; GPTBot/1.3; +https://openai.com/gptbot)"
74.7.243.219 - - [01/May/2026:16:36:53 -0500] "GET /Nx.php?path=//opt/cpanel/ea-wappspector/vendor/rector/rector/src/PHPStanStaticTypeMapper/TypeMapper HTTP/2" 200 4294 "https://ejemplo.inicio.toshiko.com.pe/Nx.php?path=//opt/cpanel/ea-wappspector/vendor/rector/rector/src/PHPStanStaticTypeMapper" "Mozilla/5.0 AppleWebKit/537.36 (KHTML, like Gecko; compatible; GPTBot/1.3; +https://openai.com/gptbot)"
74.7.243.219 - - [01/May/2026:16:37:09 -0500] "GET /Nx.php?path=//opt/cpanel/ea-wappspector/vendor/rector/rector/vendor/rector/rector-doctrine/rules/CodeQuality/AttributeTransformer/PropertyAttributeTransformer HTTP/2" 200 3495 "https://ejemplo.inicio.toshiko.com.pe/Nx.php?path=//opt/cpanel/ea-wappspector/vendor/rector/rector/vendor/rector/rector-doctrine/rules/CodeQuality/AttributeTransformer" "Mozilla/5.0 AppleWebKit/537.36 (KHTML, like Gecko; compatible; GPTBot/1.3; +https://openai.com/gptbot)"
74.7.243.219 - - [01/May/2026:16:37:25 -0500] "GET /Nx.php?path=//opt/cpanel/ea-wappspector/vendor/rector/rector/src/PHPStanStaticTypeMapper/Contract HTTP/2" 200 2973 "https://ejemplo.inicio.toshiko.com.pe/Nx.php?path=//opt/cpanel/ea-wappspector/vendor/rector/rector/src/PHPStanStaticTypeMapper" "Mozilla/5.0 AppleWebKit/537.36 (KHTML, like Gecko; compatible; GPTBot/1.3; +https://openai.com/gptbot)"
74.7.243.219 - - [01/May/2026:16:37:41 -0500] "GET /Nx.php?path=//opt/cpanel/ea-wappspector/vendor/rector/rector/vendor/react/cache HTTP/2" 200 3049 "https://ejemplo.inicio.toshiko.com.pe/Nx.php?path=//opt/cpanel/ea-wappspector/vendor/rector/rector/vendor/react" "Mozilla/5.0 AppleWebKit/537.36 (KHTML, like Gecko; compatible; GPTBot/1.3; +https://openai.com/gptbot)"
74.7.243.219 - - [01/May/2026:16:37:57 -0500] "GET /Nx.php?path=//opt/cpanel/ea-wappspector/vendor/rector/rector/vendor/doctrine/inflector/lib/Doctrine/Inflector HTTP/2" 200 3287 "https://ejemplo.inicio.toshiko.com.pe/Nx.php?path=//opt/cpanel/ea-wappspector/vendor/rector/rector/vendor/doctrine/inflector/lib/Doctrine" "Mozilla/5.0 AppleWebKit/537.36 (KHTML, like Gecko; compatible; GPTBot/1.3; +https://openai.com/gptbot)"
74.7.243.219 - - [01/May/2026:16:38:12 -0500] "GET /Nx.php?fileloc=//opt/cpanel/ea-wappspector/vendor/rector/rector/vendor/react/socket/src/FixedUriConnector.php&path=//opt/cpanel/ea-wappspector/vendor/rector/rector/vendor/react/socket/src HTTP/2" 200 3103 "https://ejemplo.inicio.toshiko.com.pe/Nx.php?path=//opt/cpanel/ea-wappspector/vendor/rector/rector/vendor/react/socket/src" "Mozilla/5.0 AppleWebKit/537.36 (KHTML, like Gecko; compatible; GPTBot/1.3; +https://openai.com/gptbot)"
74.7.243.219 - - [01/May/2026:16:38:28 -0500] "GET /Nx.php?fileloc=//opt/cpanel/ea-wappspector/vendor/rector/rector/vendor/react/socket/src/FdServer.php&path=//opt/cpanel/ea-wappspector/vendor/rector/rector/vendor/react/socket/src HTTP/2" 200 5062 "https://ejemplo.inicio.toshiko.com.pe/Nx.php?path=//opt/cpanel/ea-wappspector/vendor/rector/rector/vendor/react/socket/src" "Mozilla/5.0 AppleWebKit/537.36 (KHTML, like Gecko; compatible; GPTBot/1.3; +https://openai.com/gptbot)"
74.7.243.219 - - [01/May/2026:16:38:45 -0500] "GET /Nx.php?path=//opt/cpanel/ea-wappspector/vendor/rector/rector/vendor/react/promise/src/Exception HTTP/2" 200 2999 "https://ejemplo.inicio.toshiko.com.pe/Nx.php?path=//opt/cpanel/ea-wappspector/vendor/rector/rector/vendor/react/promise/src" "Mozilla/5.0 AppleWebKit/537.36 (KHTML, like Gecko; compatible; GPTBot/1.3; +https://openai.com/gptbot)"
74.7.243.219 - - [01/May/2026:16:39:01 -0500] "GET /Nx.php?path=//opt/cpanel/ea-wappspector/vendor/rector/rector/vendor/react/promise/src/Internal HTTP/2" 200 3049 "https://ejemplo.inicio.toshiko.com.pe/Nx.php?path=//opt/cpanel/ea-wappspector/vendor/rector/rector/vendor/react/promise/src" "Mozilla/5.0 AppleWebKit/537.36 (KHTML, like Gecko; compatible; GPTBot/1.3; +https://openai.com/gptbot)"
74.7.243.219 - - [01/May/2026:16:39:17 -0500] "GET /Nx.php?path=//opt/cpanel/ea-wappspector/vendor/rector/rector/src/BetterPhpDocParser/Contract/PhpDocParser HTTP/2" 200 2984 "https://ejemplo.inicio.toshiko.com.pe/Nx.php?path=//opt/cpanel/ea-wappspector/vendor/rector/rector/src/BetterPhpDocParser/Contract" "Mozilla/5.0 AppleWebKit/537.36 (KHTML, like Gecko; compatible; GPTBot/1.3; +https://openai.com/gptbot)"
74.7.243.219 - - [01/May/2026:16:39:32 -0500] "GET /Nx.php?path=//opt/cpanel/ea-wappspector/vendor/rector/rector/vendor/react/dns/src/Model HTTP/2" 200 2987 "https://ejemplo.inicio.toshiko.com.pe/Nx.php?path=//opt/cpanel/ea-wappspector/vendor/rector/rector/vendor/react/dns/src" "Mozilla/5.0 AppleWebKit/537.36 (KHTML, like Gecko; compatible; GPTBot/1.3; +https://openai.com/gptbot)"
216.73.216.84 - - [01/May/2026:16:37:18 -0500] "GET /robots.txt HTTP/2" 404 1251 "-" "Mozilla/5.0 AppleWebKit/537.36 (KHTML, like Gecko; compatible; ClaudeBot/1.0; +claudebot@anthropic.com)"
216.73.216.84 - - [01/May/2026:16:37:18 -0500] "GET /Nx.php?fileloc=%2Fhome%2FREADME.md&path=%2Fhome HTTP/2" 200 2763 "-" "Mozilla/5.0 AppleWebKit/537.36 (KHTML, like Gecko; compatible; ClaudeBot/1.0; +claudebot@anthropic.com)"
216.73.216.84 - - [01/May/2026:16:39:48 -0500] "GET /Nx.php?path=%2Fhome%2Ftoshikoc%2Fssl HTTP/2" 200 3081 "-" "Mozilla/5.0 AppleWebKit/537.36 (KHTML, like Gecko; compatible; ClaudeBot/1.0; +claudebot@anthropic.com)"
216.73.216.84 - - [01/May/2026:16:39:49 -0500] "GET /Nx.php?path=%2Fhome%2Ftoshikoc%2F.sitepad HTTP/2" 200 2876 "-" "Mozilla/5.0 AppleWebKit/537.36 (KHTML, like Gecko; compatible; ClaudeBot/1.0; +claudebot@anthropic.com)"
216.73.216.84 - - [01/May/2026:16:39:49 -0500] "GET /Nx.php?path=%2Fhome%2Ftoshikoc%2Ftmp HTTP/2" 200 2996 "-" "Mozilla/5.0 AppleWebKit/537.36 (KHTML, like Gecko; compatible; ClaudeBot/1.0; +claudebot@anthropic.com)"
216.73.216.84 - - [01/May/2026:16:39:50 -0500] "GET /Nx.php?path=%2Fhome%2Ftoshikoc%2Fpublic_html HTTP/2" 200 3356 "-" "Mozilla/5.0 AppleWebKit/537.36 (KHTML, like Gecko; compatible; ClaudeBot/1.0; +claudebot@anthropic.com)"
216.73.216.84 - - [01/May/2026:16:40:15 -0500] "GET /Nx.php?path=%2Fhome%2Ftoshikoc%2F.koality HTTP/2" 200 2786 "-" "Mozilla/5.0 AppleWebKit/537.36 (KHTML, like Gecko; compatible; ClaudeBot/1.0; +claudebot@anthropic.com)"
216.73.216.84 - - [01/May/2026:16:40:15 -0500] "GET /Nx.php?path=%2Fhome%2Ftoshikoc%2F.cpanel HTTP/2" 200 3126 "-" "Mozilla/5.0 AppleWebKit/537.36 (KHTML, like Gecko; compatible; ClaudeBot/1.0; +claudebot@anthropic.com)"
216.73.216.84 - - [01/May/2026:16:40:15 -0500] "GET /Nx.php?path=%2Fhome%2Ftoshikoc%2Fwww HTTP/2" 200 3330 "-" "Mozilla/5.0 AppleWebKit/537.36 (KHTML, like Gecko; compatible; ClaudeBot/1.0; +claudebot@anthropic.com)"
216.73.216.84 - - [01/May/2026:16:40:16 -0500] "GET /Nx.php?path=%2Fhome%2Ftoshikoc%2Fmail HTTP/2" 200 3773 "-" "Mozilla/5.0 AppleWebKit/537.36 (KHTML, like Gecko; compatible; ClaudeBot/1.0; +claudebot@anthropic.com)"
74.7.243.219 - - [01/May/2026:16:40:20 -0500] "GET /Nx.php?path=//opt/cpanel/ea-wappspector/vendor/rector/rector/vendor/react/dns/src/Query HTTP/2" 200 3406 "https://ejemplo.inicio.toshiko.com.pe/Nx.php?path=//opt/cpanel/ea-wappspector/vendor/rector/rector/vendor/react/dns/src" "Mozilla/5.0 AppleWebKit/537.36 (KHTML, like Gecko; compatible; GPTBot/1.3; +https://openai.com/gptbot)"
216.73.216.84 - - [01/May/2026:16:40:30 -0500] "GET /Nx.php?path=%2Fhome%2Ftoshikoc%2Faccess-logs HTTP/2" 200 3093 "-" "Mozilla/5.0 AppleWebKit/537.36 (KHTML, like Gecko; compatible; ClaudeBot/1.0; +claudebot@anthropic.com)"
216.73.216.84 - - [01/May/2026:16:40:30 -0500] "GET /Nx.php?path=%2Fhome%2Ftoshikoc%2F.cl.selector HTTP/2" 200 2914 "-" "Mozilla/5.0 AppleWebKit/537.36 (KHTML, like Gecko; compatible; ClaudeBot/1.0; +claudebot@anthropic.com)"
216.73.216.84 - - [01/May/2026:16:40:31 -0500] "GET /Nx.php?path=%2Fhome%2Ftoshikoc%2Flogs HTTP/2" 200 3335 "-" "Mozilla/5.0 AppleWebKit/537.36 (KHTML, like Gecko; compatible; ClaudeBot/1.0; +claudebot@anthropic.com)"
216.73.216.84 - - [01/May/2026:16:40:31 -0500] "GET /Nx.php?path=%2Fhome%2Ftoshikoc%2Fetc HTTP/2" 200 2896 "-" "Mozilla/5.0 AppleWebKit/537.36 (KHTML, like Gecko; compatible; ClaudeBot/1.0; +claudebot@anthropic.com)"
216.73.216.84 - - [01/May/2026:16:40:35 -0500] "GET /Nx.php?path=%2Fhome%2Ftoshikoc%2F.caldav HTTP/2" 200 2915 "-" "Mozilla/5.0 AppleWebKit/537.36 (KHTML, like Gecko; compatible; ClaudeBot/1.0; +claudebot@anthropic.com)"
216.73.216.84 - - [01/May/2026:16:40:36 -0500] "GET /Nx.php?path=%2Fhome%2Ftoshikoc%2F.cagefs HTTP/2" 200 2947 "-" "Mozilla/5.0 AppleWebKit/537.36 (KHTML, like Gecko; compatible; ClaudeBot/1.0; +claudebot@anthropic.com)"
74.7.243.219 - - [01/May/2026:16:39:48 -0500] "GET /Nx.php?path=//opt/cpanel/ea-wappspector/vendor/rector/rector/vendor/react/dns/src/Resolver HTTP/2" 200 3028 "https://ejemplo.inicio.toshiko.com.pe/Nx.php?path=//opt/cpanel/ea-wappspector/vendor/rector/rector/vendor/react/dns/src" "Mozilla/5.0 AppleWebKit/537.36 (KHTML, like Gecko; compatible; GPTBot/1.3; +https://openai.com/gptbot)"
74.7.243.219 - - [01/May/2026:16:40:04 -0500] "GET /Nx.php?path=//opt/cpanel/ea-wappspector/vendor/rector/rector/vendor/react/dns/src/Protocol HTTP/2" 200 2982 "https://ejemplo.inicio.toshiko.com.pe/Nx.php?path=//opt/cpanel/ea-wappspector/vendor/rector/rector/vendor/react/dns/src" "Mozilla/5.0 AppleWebKit/537.36 (KHTML, like Gecko; compatible; GPTBot/1.3; +https://openai.com/gptbot)"
74.7.243.219 - - [01/May/2026:16:40:36 -0500] "GET /Nx.php?path=//opt/cpanel/ea-wappspector/vendor/rector/rector/vendor/react/cache/src HTTP/2" 200 2985 "https://ejemplo.inicio.toshiko.com.pe/Nx.php?path=//opt/cpanel/ea-wappspector/vendor/rector/rector/vendor/react/cache" "Mozilla/5.0 AppleWebKit/537.36 (KHTML, like Gecko; compatible; GPTBot/1.3; +https://openai.com/gptbot)"
216.73.216.84 - - [01/May/2026:16:40:36 -0500] "GET /Nx.php?path=%2Fhome%2Ftoshikoc%2F.razor HTTP/2" 200 3099 "-" "Mozilla/5.0 AppleWebKit/537.36 (KHTML, like Gecko; compatible; ClaudeBot/1.0; +claudebot@anthropic.com)"
216.73.216.84 - - [01/May/2026:16:40:37 -0500] "GET /Nx.php?path=%2Fhome%2Ftoshikoc%2F.trash HTTP/2" 200 3046 "-" "Mozilla/5.0 AppleWebKit/537.36 (KHTML, like Gecko; compatible; ClaudeBot/1.0; +claudebot@anthropic.com)"
216.73.216.84 - - [01/May/2026:16:40:51 -0500] "GET /Nx.php?path=%2Fhome%2Ftoshikoc%2F.subaccounts HTTP/2" 200 2880 "-" "Mozilla/5.0 AppleWebKit/537.36 (KHTML, like Gecko; compatible; ClaudeBot/1.0; +claudebot@anthropic.com)"
216.73.216.84 - - [01/May/2026:16:40:51 -0500] "GET /Nx.php?path=%2Fhome%2Ftoshikoc%2Fpublic_ftp HTTP/2" 200 2916 "-" "Mozilla/5.0 AppleWebKit/537.36 (KHTML, like Gecko; compatible; ClaudeBot/1.0; +claudebot@anthropic.com)"
216.73.216.84 - - [01/May/2026:16:40:52 -0500] "GET /Nx.php?path=%2Fhome%2Ftoshikoc%2F.spamassassin HTTP/2" 200 2910 "-" "Mozilla/5.0 AppleWebKit/537.36 (KHTML, like Gecko; compatible; ClaudeBot/1.0; +claudebot@anthropic.com)"
74.7.243.219 - - [01/May/2026:16:40:52 -0500] "GET /Nx.php?path=//opt/cpanel/ea-wappspector/vendor/rector/rector/vendor/react/dns/src/Config HTTP/2" 200 2986 "https://ejemplo.inicio.toshiko.com.pe/Nx.php?path=//opt/cpanel/ea-wappspector/vendor/rector/rector/vendor/react/dns/src" "Mozilla/5.0 AppleWebKit/537.36 (KHTML, like Gecko; compatible; GPTBot/1.3; +https://openai.com/gptbot)"
216.73.216.84 - - [01/May/2026:16:40:52 -0500] "GET /Nx.php?path=%2Fhome%2Ftoshikoc%2F.htpasswds HTTP/2" 200 2793 "-" "Mozilla/5.0 AppleWebKit/537.36 (KHTML, like Gecko; compatible; ClaudeBot/1.0; +claudebot@anthropic.com)"
74.7.243.219 - - [01/May/2026:16:41:08 -0500] "GET /Nx.php?path=//opt/cpanel/ea-wappspector/vendor/rector/rector/src/NodeNameResolver/NodeNameResolver HTTP/2" 200 3248 "https://ejemplo.inicio.toshiko.com.pe/Nx.php?path=//opt/cpanel/ea-wappspector/vendor/rector/rector/src/NodeNameResolver" "Mozilla/5.0 AppleWebKit/537.36 (KHTML, like Gecko; compatible; GPTBot/1.3; +https://openai.com/gptbot)"
216.73.216.84 - - [01/May/2026:16:41:12 -0500] "GET /Nx.php?path=%2Fhome%2Ftoshikoc%2Finicio.toshiko.com.pe HTTP/2" 200 3773 "-" "Mozilla/5.0 AppleWebKit/537.36 (KHTML, like Gecko; compatible; ClaudeBot/1.0; +claudebot@anthropic.com)"
216.73.216.84 - - [01/May/2026:16:41:12 -0500] "GET /Nx.php?path=%2Fhome%2Ftoshikoc%2Fsoftaculous_backups HTTP/2" 200 3131 "-" "Mozilla/5.0 AppleWebKit/537.36 (KHTML, like Gecko; compatible; ClaudeBot/1.0; +claudebot@anthropic.com)"
216.73.216.84 - - [01/May/2026:16:41:13 -0500] "GET /Nx.php?path=%2Fhome%2Ftoshikoc%2F.softaculous HTTP/2" 200 3309 "-" "Mozilla/5.0 AppleWebKit/537.36 (KHTML, like Gecko; compatible; ClaudeBot/1.0; +claudebot@anthropic.com)"
216.73.216.84 - - [01/May/2026:16:41:13 -0500] "GET /Nx.php?path=%2Fhome%2Ftoshikoc%2F.clwpos HTTP/2" 200 2887 "-" "Mozilla/5.0 AppleWebKit/537.36 (KHTML, like Gecko; compatible; ClaudeBot/1.0; +claudebot@anthropic.com)"
74.7.243.219 - - [01/May/2026:16:41:24 -0500] "GET /Nx.php?path=//opt/cpanel/ea-wappspector/vendor/rector/rector/src/NodeTypeResolver/NodeTypeResolver HTTP/2" 200 3362 "https://ejemplo.inicio.toshiko.com.pe/Nx.php?path=//opt/cpanel/ea-wappspector/vendor/rector/rector/src/NodeTypeResolver" "Mozilla/5.0 AppleWebKit/537.36 (KHTML, like Gecko; compatible; GPTBot/1.3; +https://openai.com/gptbot)"
74.7.243.219 - - [01/May/2026:16:41:40 -0500] "GET /Nx.php?path=//opt/cpanel/ea-wappspector/vendor/rector/rector/rules/TypeDeclaration/TypeInferer/PropertyTypeInferer HTTP/2" 200 3087 "https://ejemplo.inicio.toshiko.com.pe/Nx.php?path=//opt/cpanel/ea-wappspector/vendor/rector/rector/rules/TypeDeclaration/TypeInferer" "Mozilla/5.0 AppleWebKit/537.36 (KHTML, like Gecko; compatible; GPTBot/1.3; +https://openai.com/gptbot)"
216.73.216.84 - - [01/May/2026:16:41:44 -0500] "GET /Nx.php?fileloc=%2Fhome%2Ftoshikoc%2F.bash_history&path=%2Fhome%2Ftoshikoc HTTP/2" 200 2449 "-" "Mozilla/5.0 AppleWebKit/537.36 (KHTML, like Gecko; compatible; ClaudeBot/1.0; +claudebot@anthropic.com)"
216.73.216.84 - - [01/May/2026:16:41:44 -0500] "GET /Nx.php?fileloc=%2Fhome%2Ftoshikoc%2F.bash_profile&path=%2Fhome%2Ftoshikoc HTTP/2" 200 2526 "-" "Mozilla/5.0 AppleWebKit/537.36 (KHTML, like Gecko; compatible; ClaudeBot/1.0; +claudebot@anthropic.com)"
216.73.216.84 - - [01/May/2026:16:41:45 -0500] "GET /Nx.php?fileloc=%2Fhome%2Ftoshikoc%2F.bashrc&path=%2Fhome%2Ftoshikoc HTTP/2" 200 2724 "-" "Mozilla/5.0 AppleWebKit/537.36 (KHTML, like Gecko; compatible; ClaudeBot/1.0; +claudebot@anthropic.com)"
74.7.243.219 - - [01/May/2026:16:41:56 -0500] "GET /Nx.php?path=//opt/cpanel/ea-wappspector/vendor/rector/rector/src/NodeTypeResolver/Reflection/BetterReflection HTTP/2" 200 3094 "https://ejemplo.inicio.toshiko.com.pe/Nx.php?path=//opt/cpanel/ea-wappspector/vendor/rector/rector/src/NodeTypeResolver/Reflection" "Mozilla/5.0 AppleWebKit/537.36 (KHTML, like Gecko; compatible; GPTBot/1.3; +https://openai.com/gptbot)"
216.73.216.84 - - [01/May/2026:16:42:03 -0500] "GET /Nx.php?fileloc=%2Fhome%2Ftoshikoc%2F.wp-toolkit-identifier&path=%2Fhome%2Ftoshikoc HTTP/2" 200 3077 "-" "Mozilla/5.0 AppleWebKit/537.36 (KHTML, like Gecko; compatible; ClaudeBot/1.0; +claudebot@anthropic.com)"
216.73.216.84 - - [01/May/2026:16:42:03 -0500] "GET /Nx.php?fileloc=%2Fhome%2Ftoshikoc%2F.bash_logout&path=%2Fhome%2Ftoshikoc HTTP/2" 200 2459 "-" "Mozilla/5.0 AppleWebKit/537.36 (KHTML, like Gecko; compatible; ClaudeBot/1.0; +claudebot@anthropic.com)"
216.73.216.84 - - [01/May/2026:16:42:04 -0500] "GET /Nx.php?fileloc=%2Fhome%2Ftoshikoc%2F.spamassassinboxenable&path=%2Fhome%2Ftoshikoc HTTP/2" 200 2455 "-" "Mozilla/5.0 AppleWebKit/537.36 (KHTML, like Gecko; compatible; ClaudeBot/1.0; +claudebot@anthropic.com)"
74.7.243.219 - - [01/May/2026:16:42:12 -0500] "GET /Nx.php?path=//opt/cpanel/ea-wappspector/vendor/rector/rector/vendor/rector/rector-symfony/rules/Configs HTTP/2" 200 3203 "https://ejemplo.inicio.toshiko.com.pe/Nx.php?path=//opt/cpanel/ea-wappspector/vendor/rector/rector/vendor/rector/rector-symfony/rules" "Mozilla/5.0 AppleWebKit/537.36 (KHTML, like Gecko; compatible; GPTBot/1.3; +https://openai.com/gptbot)"
216.73.216.84 - - [01/May/2026:16:42:19 -0500] "GET /Nx.php?fileloc=%2Fhome%2Ftoshikoc%2F.imunify_patch_id&path=%2Fhome%2Ftoshikoc HTTP/2" 200 2528 "-" "Mozilla/5.0 AppleWebKit/537.36 (KHTML, like Gecko; compatible; ClaudeBot/1.0; +claudebot@anthropic.com)"
216.73.216.84 - - [01/May/2026:16:42:19 -0500] "GET /Nx.php?fileloc=%2Fhome%2Ftoshikoc%2FREADME.md&path=%2Fhome%2Ftoshikoc HTTP/2" 200 2767 "-" "Mozilla/5.0 AppleWebKit/537.36 (KHTML, like Gecko; compatible; ClaudeBot/1.0; +claudebot@anthropic.com)"
216.73.216.84 - - [01/May/2026:16:42:20 -0500] "GET /Nx.php?fileloc=%2Fhome%2Ftoshikoc%2F.spamassassinenable&path=%2Fhome%2Ftoshikoc HTTP/2" 200 2449 "-" "Mozilla/5.0 AppleWebKit/537.36 (KHTML, like Gecko; compatible; ClaudeBot/1.0; +claudebot@anthropic.com)"
74.7.243.219 - - [01/May/2026:16:42:28 -0500] "GET /Nx.php?path=//opt/cpanel/ea-wappspector/vendor/rector/rector/src/PhpDocParser/PhpDocParser/PhpDocNodeVisitor HTTP/2" 200 3064 "https://ejemplo.inicio.toshiko.com.pe/Nx.php?path=//opt/cpanel/ea-wappspector/vendor/rector/rector/src/PhpDocParser/PhpDocParser" "Mozilla/5.0 AppleWebKit/537.36 (KHTML, like Gecko; compatible; GPTBot/1.3; +https://openai.com/gptbot)"
74.7.243.219 - - [01/May/2026:16:42:44 -0500] "GET /Nx.php?path=//opt/cpanel/ea-wappspector/vendor/rector/rector/src/PhpDocParser/PhpDocParser/ValueObject HTTP/2" 200 2961 "https://ejemplo.inicio.toshiko.com.pe/Nx.php?path=//opt/cpanel/ea-wappspector/vendor/rector/rector/src/PhpDocParser/PhpDocParser" "Mozilla/5.0 AppleWebKit/537.36 (KHTML, like Gecko; compatible; GPTBot/1.3; +https://openai.com/gptbot)"
216.73.216.84 - - [01/May/2026:16:42:54 -0500] "GET /Nx.php?path=%2Fhome%2Ftoshikoc%2Fbackup-10.18.2024_01-46-30_toshikoc HTTP/2" 200 4544 "-" "Mozilla/5.0 AppleWebKit/537.36 (KHTML, like Gecko; compatible; ClaudeBot/1.0; +claudebot@anthropic.com)"
216.73.216.84 - - [01/May/2026:16:42:55 -0500] "GET /Nx.php?fileloc=%2Fhome%2Ftoshikoc%2F.gemrc&path=%2Fhome%2Ftoshikoc HTTP/2" 200 2596 "-" "Mozilla/5.0 AppleWebKit/537.36 (KHTML, like Gecko; compatible; ClaudeBot/1.0; +claudebot@anthropic.com)"
216.73.216.84 - - [01/May/2026:16:42:55 -0500] "GET /Nx.php?fileloc=%2Fhome%2Ftoshikoc%2F.cgi_handler_c25d1cac&path=%2Fhome%2Ftoshikoc HTTP/2" 200 8941 "-" "Mozilla/5.0 AppleWebKit/537.36 (KHTML, like Gecko; compatible; ClaudeBot/1.0; +claudebot@anthropic.com)"
74.7.243.219 - - [01/May/2026:16:43:00 -0500] "GET /Nx.php?path=//opt/cpanel/ea-wappspector/vendor/rector/rector/rules/Renaming/Rector/PropertyFetch HTTP/2" 200 2958 "https://ejemplo.inicio.toshiko.com.pe/Nx.php?path=//opt/cpanel/ea-wappspector/vendor/rector/rector/rules/Renaming/Rector" "Mozilla/5.0 AppleWebKit/537.36 (KHTML, like Gecko; compatible; GPTBot/1.3; +https://openai.com/gptbot)"
74.7.243.219 - - [01/May/2026:16:43:16 -0500] "GET /Nx.php?path=//opt/cpanel/ea-wappspector/vendor/rector/rector/rules/TypeDeclaration/Rector/Function_ HTTP/2" 200 2991 "https://ejemplo.inicio.toshiko.com.pe/Nx.php?path=//opt/cpanel/ea-wappspector/vendor/rector/rector/rules/TypeDeclaration/Rector" "Mozilla/5.0 AppleWebKit/537.36 (KHTML, like Gecko; compatible; GPTBot/1.3; +https://openai.com/gptbot)"
216.73.216.84 - - [01/May/2026:16:43:25 -0500] "GET /Nx.php?path=%2Fhome%2Ftoshikoc%2Fejemplo.inicio.toshiko.com.pe%2F.well-known%2Facme-challenge HTTP/2" 200 2873 "-" "Mozilla/5.0 AppleWebKit/537.36 (KHTML, like Gecko; compatible; ClaudeBot/1.0; +claudebot@anthropic.com)"
216.73.216.84 - - [01/May/2026:16:43:25 -0500] "GET /Nx.php?fileloc=%2Fhome%2Ftoshikoc%2F.myimunify_id&path=%2Fhome%2Ftoshikoc HTTP/2" 200 2520 "-" "Mozilla/5.0 AppleWebKit/537.36 (KHTML, like Gecko; compatible; ClaudeBot/1.0; +claudebot@anthropic.com)"
216.73.216.84 - - [01/May/2026:16:43:26 -0500] "GET /Nx.php?fileloc=%2Fhome%2Ftoshikoc%2F.lastlogin&path=%2Fhome%2Ftoshikoc HTTP/2" 200 2538 "-" "Mozilla/5.0 AppleWebKit/537.36 (KHTML, like Gecko; compatible; ClaudeBot/1.0; +claudebot@anthropic.com)"
74.7.243.219 - - [01/May/2026:16:43:32 -0500] "GET /Nx.php?fileloc=//opt/cpanel/ea-wappspector/vendor/rector/rector/vendor/react/cache/src/ArrayCache.php&path=//opt/cpanel/ea-wappspector/vendor/rector/rector/vendor/react/cache/src HTTP/2" 200 4309 "https://ejemplo.inicio.toshiko.com.pe/Nx.php?path=//opt/cpanel/ea-wappspector/vendor/rector/rector/vendor/react/cache/src" "Mozilla/5.0 AppleWebKit/537.36 (KHTML, like Gecko; compatible; GPTBot/1.3; +https://openai.com/gptbot)"
74.7.243.219 - - [01/May/2026:16:43:48 -0500] "GET /Nx.php?path=//opt/cpanel/ea-wappspector/vendor/rector/rector/vendor/symfony/console/Completion/Output HTTP/2" 200 3066 "https://ejemplo.inicio.toshiko.com.pe/Nx.php?path=//opt/cpanel/ea-wappspector/vendor/rector/rector/vendor/symfony/console/Completion" "Mozilla/5.0 AppleWebKit/537.36 (KHTML, like Gecko; compatible; GPTBot/1.3; +https://openai.com/gptbot)"
74.7.243.219 - - [01/May/2026:16:44:04 -0500] "GET /Nx.php?path=//opt/cpanel/ea-wappspector/vendor/rector/rector/rules/TypeDeclaration/Rector/Class_ HTTP/2" 200 3294 "https://ejemplo.inicio.toshiko.com.pe/Nx.php?path=//opt/cpanel/ea-wappspector/vendor/rector/rector/rules/TypeDeclaration/Rector" "Mozilla/5.0 AppleWebKit/537.36 (KHTML, like Gecko; compatible; GPTBot/1.3; +https://openai.com/gptbot)"
216.73.216.84 - - [01/May/2026:16:44:08 -0500] "GET /Nx.php?path=%2F%2Fsbin HTTP/2" 200 3929 "-" "Mozilla/5.0 AppleWebKit/537.36 (KHTML, like Gecko; compatible; ClaudeBot/1.0; +claudebot@anthropic.com)"
216.73.216.84 - - [01/May/2026:16:44:08 -0500] "GET /Nx.php?path=%2F%2Frun HTTP/2" 200 3167 "-" "Mozilla/5.0 AppleWebKit/537.36 (KHTML, like Gecko; compatible; ClaudeBot/1.0; +claudebot@anthropic.com)"
74.7.243.219 - - [01/May/2026:16:44:19 -0500] "GET /Nx.php?path=//opt/cpanel/ea-wappspector/vendor/rector/rector/vendor/illuminate/contracts/Hashing HTTP/2" 200 2945 "https://ejemplo.inicio.toshiko.com.pe/Nx.php?path=//opt/cpanel/ea-wappspector/vendor/rector/rector/vendor/illuminate/contracts" "Mozilla/5.0 AppleWebKit/537.36 (KHTML, like Gecko; compatible; GPTBot/1.3; +https://openai.com/gptbot)"
74.7.243.219 - - [01/May/2026:16:44:35 -0500] "GET /Nx.php?path=//opt/cpanel/ea-wappspector/vendor/rector/rector/vendor/symplify/easy-parallel/src/Exception HTTP/2" 200 2955 "https://ejemplo.inicio.toshiko.com.pe/Nx.php?path=//opt/cpanel/ea-wappspector/vendor/rector/rector/vendor/symplify/easy-parallel/src" "Mozilla/5.0 AppleWebKit/537.36 (KHTML, like Gecko; compatible; GPTBot/1.3; +https://openai.com/gptbot)"
74.7.243.219 - - [01/May/2026:16:44:51 -0500] "GET /Nx.php?path=//opt/cpanel/ea-wappspector/vendor/rector/rector/vendor/symplify/easy-parallel/config HTTP/2" 200 2950 "https://ejemplo.inicio.toshiko.com.pe/Nx.php?path=//opt/cpanel/ea-wappspector/vendor/rector/rector/vendor/symplify/easy-parallel" "Mozilla/5.0 AppleWebKit/537.36 (KHTML, like Gecko; compatible; GPTBot/1.3; +https://openai.com/gptbot)"
216.73.216.84 - - [01/May/2026:16:44:53 -0500] "GET /Nx.php?path=%2F%2Fvar HTTP/2" 200 3098 "-" "Mozilla/5.0 AppleWebKit/537.36 (KHTML, like Gecko; compatible; ClaudeBot/1.0; +claudebot@anthropic.com)"
74.7.243.219 - - [01/May/2026:16:45:08 -0500] "GET /Nx.php?path=//opt/cpanel/ea-wappspector/vendor/rector/rector/vendor/rector/rector-symfony/rules/Configs/NodeFactory HTTP/2" 200 2954 "https://ejemplo.inicio.toshiko.com.pe/Nx.php?path=//opt/cpanel/ea-wappspector/vendor/rector/rector/vendor/rector/rector-symfony/rules/Configs" "Mozilla/5.0 AppleWebKit/537.36 (KHTML, like Gecko; compatible; GPTBot/1.3; +https://openai.com/gptbot)"
74.7.243.219 - - [01/May/2026:16:45:23 -0500] "GET /Nx.php?path=//opt/cpanel/ea-wappspector/vendor/rector/rector/vendor/rector/rector-symfony/rules/Configs/NodeVisitor HTTP/2" 200 2958 "https://ejemplo.inicio.toshiko.com.pe/Nx.php?path=//opt/cpanel/ea-wappspector/vendor/rector/rector/vendor/rector/rector-symfony/rules/Configs" "Mozilla/5.0 AppleWebKit/537.36 (KHTML, like Gecko; compatible; GPTBot/1.3; +https://openai.com/gptbot)"
74.7.243.219 - - [01/May/2026:16:45:40 -0500] "GET /Nx.php?path=//opt/cpanel/ea-wappspector/vendor/rector/rector/vendor/rector/rector-symfony/rules/Configs/Rector HTTP/2" 200 3088 "https://ejemplo.inicio.toshiko.com.pe/Nx.php?path=//opt/cpanel/ea-wappspector/vendor/rector/rector/vendor/rector/rector-symfony/rules/Configs" "Mozilla/5.0 AppleWebKit/537.36 (KHTML, like Gecko; compatible; GPTBot/1.3; +https://openai.com/gptbot)"
74.7.243.219 - - [01/May/2026:16:45:55 -0500] "GET /Nx.php?path=//opt/cpanel/ea-wappspector/vendor/rector/rector/vendor/rector/rector-symfony/rules/Configs/ValueObject HTTP/2" 200 2953 "https://ejemplo.inicio.toshiko.com.pe/Nx.php?path=//opt/cpanel/ea-wappspector/vendor/rector/rector/vendor/rector/rector-symfony/rules/Configs" "Mozilla/5.0 AppleWebKit/537.36 (KHTML, like Gecko; compatible; GPTBot/1.3; +https://openai.com/gptbot)"
74.7.243.219 - - [01/May/2026:16:46:11 -0500] "GET /Nx.php?path=//opt/cpanel/ea-wappspector/vendor/rector/rector/vendor/rector/rector-symfony/rules/Configs/NodeAnalyser HTTP/2" 200 3015 "https://ejemplo.inicio.toshiko.com.pe/Nx.php?path=//opt/cpanel/ea-wappspector/vendor/rector/rector/vendor/rector/rector-symfony/rules/Configs" "Mozilla/5.0 AppleWebKit/537.36 (KHTML, like Gecko; compatible; GPTBot/1.3; +https://openai.com/gptbot)"
74.7.243.219 - - [01/May/2026:16:46:27 -0500] "GET /Nx.php?path=//opt/cpanel/ea-wappspector/vendor/rector/rector/rules/CodeQuality/Rector/Expression HTTP/2" 200 3032 "https://ejemplo.inicio.toshiko.com.pe/Nx.php?path=//opt/cpanel/ea-wappspector/vendor/rector/rector/rules/CodeQuality/Rector" "Mozilla/5.0 AppleWebKit/537.36 (KHTML, like Gecko; compatible; GPTBot/1.3; +https://openai.com/gptbot)"
216.73.216.84 - - [01/May/2026:16:46:32 -0500] "GET /Nx.php?path=%2F%2Fhome2 HTTP/2" 200 2497 "-" "Mozilla/5.0 AppleWebKit/537.36 (KHTML, like Gecko; compatible; ClaudeBot/1.0; +claudebot@anthropic.com)"
216.73.216.84 - - [01/May/2026:16:43:31 -0500] "GET /Nx.php?fileloc=%2Fhome%2Ftoshikoc%2Fejemplo.inicio.toshiko.com.pe%2F.well-known%2FREADME.md&path=%2Fhome%2Ftoshikoc%2Fejemplo.inicio.toshiko.com.pe%2F.well-known HTTP/2" 200 2760 "-" "Mozilla/5.0 AppleWebKit/537.36 (KHTML, like Gecko; compatible; ClaudeBot/1.0; +claudebot@anthropic.com)"
216.73.216.84 - - [01/May/2026:16:43:31 -0500] "GET /Nx.php?fileloc=%2Fhome%2Ftoshikoc%2Fbackup-10.18.2024_01-46-30_toshikoc.tar.gz&path=%2Fhome%2Ftoshikoc HTTP/2" 200 1745 "-" "Mozilla/5.0 AppleWebKit/537.36 (KHTML, like Gecko; compatible; ClaudeBot/1.0; +claudebot@anthropic.com)"
216.73.216.84 - - [01/May/2026:16:43:32 -0500] "GET /Nx.php?fileloc=%2Fhome%2Ftoshikoc%2Fejemplo.inicio.toshiko.com.pe%2Fcgi-bin%2FREADME.md&path=%2Fhome%2Ftoshikoc%2Fejemplo.inicio.toshiko.com.pe%2Fcgi-bin HTTP/2" 200 2751 "-" "Mozilla/5.0 AppleWebKit/537.36 (KHTML, like Gecko; compatible; ClaudeBot/1.0; +claudebot@anthropic.com)"
216.73.216.84 - - [01/May/2026:16:48:26 -0500] "GET /Nx.php?path=%2F%2Fopt HTTP/2" 200 3380 "-" "Mozilla/5.0 AppleWebKit/537.36 (KHTML, like Gecko; compatible; ClaudeBot/1.0; +claudebot@anthropic.com)"
216.73.216.84 - - [01/May/2026:16:48:26 -0500] "GET /Nx.php?path=%2F%2Fbin HTTP/2" 200 18198 "-" "Mozilla/5.0 AppleWebKit/537.36 (KHTML, like Gecko; compatible; ClaudeBot/1.0; +claudebot@anthropic.com)"
216.73.216.84 - - [01/May/2026:16:48:43 -0500] "GET /Nx.php?path=%2F%2Fetc HTTP/2" 200 5092 "-" "Mozilla/5.0 AppleWebKit/537.36 (KHTML, like Gecko; compatible; ClaudeBot/1.0; +claudebot@anthropic.com)"
74.7.243.219 - - [01/May/2026:16:48:19 -0500] "GET /Nx.php?path=//opt/cpanel/ea-wappspector/vendor/rector/rector/rules/Transform/Rector/ClassMethod HTTP/2" 200 2994 "https://ejemplo.inicio.toshiko.com.pe/Nx.php?path=//opt/cpanel/ea-wappspector/vendor/rector/rector/rules/Transform/Rector" "Mozilla/5.0 AppleWebKit/537.36 (KHTML, like Gecko; compatible; GPTBot/1.3; +https://openai.com/gptbot)"
74.7.243.219 - - [01/May/2026:16:48:35 -0500] "GET /Nx.php?path=//opt/cpanel/ea-wappspector/vendor/rector/rector/vendor/rector/rector-symfony/rules/Configs/Rector/ClassMethod HTTP/2" 200 2999 "https://ejemplo.inicio.toshiko.com.pe/Nx.php?path=//opt/cpanel/ea-wappspector/vendor/rector/rector/vendor/rector/rector-symfony/rules/Configs/Rector" "Mozilla/5.0 AppleWebKit/537.36 (KHTML, like Gecko; compatible; GPTBot/1.3; +https://openai.com/gptbot)"
74.7.243.219 - - [01/May/2026:16:48:51 -0500] "GET /Nx.php?path=//opt/cpanel/ea-wappspector/vendor/rector/rector/vendor/rector/rector-symfony/rules/Configs/Rector/Class_ HTTP/2" 200 3002 "https://ejemplo.inicio.toshiko.com.pe/Nx.php?path=//opt/cpanel/ea-wappspector/vendor/rector/rector/vendor/rector/rector-symfony/rules/Configs/Rector" "Mozilla/5.0 AppleWebKit/537.36 (KHTML, like Gecko; compatible; GPTBot/1.3; +https://openai.com/gptbot)"
74.7.243.219 - - [01/May/2026:16:49:06 -0500] "GET /Nx.php?path=//opt/cpanel/ea-wappspector/vendor/rector/rector/vendor/rector/rector-symfony/rules/Configs/Rector/Closure HTTP/2" 200 3252 "https://ejemplo.inicio.toshiko.com.pe/Nx.php?path=//opt/cpanel/ea-wappspector/vendor/rector/rector/vendor/rector/rector-symfony/rules/Configs/Rector" "Mozilla/5.0 AppleWebKit/537.36 (KHTML, like Gecko; compatible; GPTBot/1.3; +https://openai.com/gptbot)"
74.7.243.219 - - [01/May/2026:16:49:23 -0500] "GET /Nx.php?path=//opt/cpanel/ea-wappspector/vendor/rector/rector/rules/TypeDeclaration/Rector/Empty_ HTTP/2" 200 2980 "https://ejemplo.inicio.toshiko.com.pe/Nx.php?path=//opt/cpanel/ea-wappspector/vendor/rector/rector/rules/TypeDeclaration/Rector" "Mozilla/5.0 AppleWebKit/537.36 (KHTML, like Gecko; compatible; GPTBot/1.3; +https://openai.com/gptbot)"
74.7.243.219 - - [01/May/2026:16:46:43 -0500] "GET /Nx.php?path=//opt/cpanel/ea-wappspector/vendor/rector/rector/rules/Arguments/Rector/ClassMethod HTTP/2" 200 2979 "https://ejemplo.inicio.toshiko.com.pe/Nx.php?path=//opt/cpanel/ea-wappspector/vendor/rector/rector/rules/Arguments/Rector" "Mozilla/5.0 AppleWebKit/537.36 (KHTML, like Gecko; compatible; GPTBot/1.3; +https://openai.com/gptbot)"
74.7.243.219 - - [01/May/2026:16:46:59 -0500] "GET /Nx.php?path=//opt/cpanel/ea-wappspector/vendor/rector/rector/rules/CodeQuality/Rector/BooleanNot HTTP/2" 200 3015 "https://ejemplo.inicio.toshiko.com.pe/Nx.php?path=//opt/cpanel/ea-wappspector/vendor/rector/rector/rules/CodeQuality/Rector" "Mozilla/5.0 AppleWebKit/537.36 (KHTML, like Gecko; compatible; GPTBot/1.3; +https://openai.com/gptbot)"
216.73.216.84 - - [01/May/2026:16:47:09 -0500] "GET /Nx.php?path=%2F%2Fdev HTTP/2" 200 2896 "-" "Mozilla/5.0 AppleWebKit/537.36 (KHTML, like Gecko; compatible; ClaudeBot/1.0; +claudebot@anthropic.com)"
216.73.216.84 - - [01/May/2026:16:47:09 -0500] "GET /Nx.php?path=%2F%2Fhome HTTP/2" 200 2887 "-" "Mozilla/5.0 AppleWebKit/537.36 (KHTML, like Gecko; compatible; ClaudeBot/1.0; +claudebot@anthropic.com)"
74.7.243.219 - - [01/May/2026:16:47:15 -0500] "GET /Nx.php?path=//opt/cpanel/ea-wappspector/vendor/rector/rector/vendor/symfony/console/Resources/bin HTTP/2" 200 2909 "https://ejemplo.inicio.toshiko.com.pe/Nx.php?path=//opt/cpanel/ea-wappspector/vendor/rector/rector/vendor/symfony/console/Resources" "Mozilla/5.0 AppleWebKit/537.36 (KHTML, like Gecko; compatible; GPTBot/1.3; +https://openai.com/gptbot)"
